CRAN Package Check Results for Package mixture

Last updated on 2021-11-30 11:52:02 CET.

Flavor Version Tinstall Tcheck Ttotal Status Flags
r-devel-linux-x86_64-debian-clang 2.0.4 99.00 41.56 140.56 OK
r-devel-linux-x86_64-debian-gcc 2.0.4 63.57 32.58 96.15 OK
r-devel-linux-x86_64-fedora-clang 2.0.4 229.51 NOTE
r-devel-linux-x86_64-fedora-gcc 2.0.4 179.39 OK
r-devel-windows-x86_64-new-UL 2.0.4 106.00 111.00 217.00 OK
r-devel-windows-x86_64-new-TK 2.0.4 OK
r-devel-windows-x86_64-old 2.0.4 100.00 54.00 154.00 OK
r-patched-linux-x86_64 2.0.4 78.78 39.94 118.72 OK
r-patched-solaris-x86 2.0.4 163.10 OK
r-release-linux-x86_64 2.0.4 73.48 40.30 113.78 OK
r-release-macos-arm64 2.0.4 NOTE
r-release-macos-x86_64 2.0.4 NOTE
r-release-windows-ix86+x86_64 2.0.4 188.00 70.00 258.00 OK
r-oldrel-macos-x86_64 2.0.4 NOTE
r-oldrel-windows-ix86+x86_64 2.0.4 147.00 91.00 238.00 OK

Check Details

Version: 2.0.4
Check: installed package size
Result: NOTE
     installed size is 11.0Mb
     sub-directories of 1Mb or more:
     libs 10.6Mb
Flavors: r-devel-linux-x86_64-fedora-clang, r-release-macos-arm64, r-release-macos-x86_64, r-oldrel-macos-x86_64