Last updated on 2023-03-29 04:51:16 CEST.
Flavor | Version | Tinstall | Tcheck | Ttotal | Status | Flags |
---|---|---|---|---|---|---|
r-devel-linux-x86_64-debian-clang | 0.1.0 | 57.75 | 455.32 | 513.07 | OK | |
r-devel-linux-x86_64-debian-gcc | 0.1.0 | 45.43 | 341.06 | 386.49 | OK | |
r-devel-linux-x86_64-fedora-clang | 0.1.0 | 661.89 | OK | |||
r-devel-linux-x86_64-fedora-gcc | 0.1.0 | 624.09 | OK | |||
r-devel-windows-x86_64 | 0.1.0 | 91.00 | 0.00 | 91.00 | OK | |
r-patched-linux-x86_64 | 0.1.0 | 45.70 | 432.52 | 478.22 | OK | |
r-release-linux-x86_64 | 0.1.0 | 53.47 | 422.36 | 475.83 | OK | |
r-release-macos-arm64 | 0.1.0 | 6.00 | ERROR | |||
r-release-macos-x86_64 | 0.1.0 | 211.00 | OK | |||
r-release-windows-x86_64 | 0.1.0 | 46.00 | 417.00 | 463.00 | OK | |
r-oldrel-macos-arm64 | 0.1.0 | 134.00 | OK | |||
r-oldrel-macos-x86_64 | 0.1.0 | 20.00 | ERROR | |||
r-oldrel-windows-ix86+x86_64 | 0.1.0 | 113.00 | 385.00 | 498.00 | OK |
Version: 0.1.0
Check: package dependencies
Result: ERROR
Package required but not available: ‘scran’
See section ‘The DESCRIPTION file’ in the ‘Writing R Extensions’
manual.
Flavor: r-release-macos-arm64
Version: 0.1.0
Check: whether package can be installed
Result: ERROR
Installation failed.
Flavor: r-oldrel-macos-x86_64