CRAN Package Check Results for Package mixKernel

Last updated on 2023-03-21 16:54:30 CET.

Flavor Version Tinstall Tcheck Ttotal Status Flags
r-devel-linux-x86_64-debian-clang 0.8 37.16 353.79 390.95 OK
r-devel-linux-x86_64-debian-gcc 0.8 27.37 261.27 288.64 OK
r-devel-linux-x86_64-fedora-clang 0.8 497.76 NOTE
r-devel-linux-x86_64-fedora-gcc 0.8 472.43 NOTE
r-patched-linux-x86_64 0.8 32.75 313.90 346.65 OK
r-release-linux-x86_64 0.8 30.38 316.59 346.97 OK
r-release-macos-arm64 0.8 114.00 NOTE
r-release-macos-x86_64 0.8 205.00 NOTE
r-release-windows-x86_64 0.8 38.00 360.00 398.00 OK
r-oldrel-macos-arm64 0.8 91.00 NOTE
r-oldrel-macos-x86_64 0.8 153.00 WARN
r-oldrel-windows-ix86+x86_64 0.8 71.00 389.00 460.00 OK

Check Details

Version: 0.8
Check: dependencies in R code
Result: NOTE
    Namespace in Imports field not imported from: ‘markdown’
     All declared Imports should be used.
Flavors: r-devel-linux-x86_64-fedora-clang, r-devel-linux-x86_64-fedora-gcc, r-release-macos-arm64, r-release-macos-x86_64, r-oldrel-macos-arm64, r-oldrel-macos-x86_64

Version: 0.8
Check: re-building of vignette outputs
Result: WARN
    Error(s) in re-building vignettes:
    --- re-building ‘a-mixKernelInstallation.Rmd’ using knitr
    --- finished re-building ‘a-mixKernelInstallation.Rmd’
    
    --- re-building ‘mixKernelUsersGuide.Rmd’ using knitr
    Loading required package: MASS
    Loading required package: lattice
    Loading required package: ggplot2
    
    Loaded mixOmics 6.15.0
    Thank you for using mixOmics!
    Tutorials: http://mixomics.org
    Bookdown vignette: https://mixomicsteam.github.io/Bookdown
    Questions, issues: Follow the prompts at http://mixomics.org/contact-us
    Cite us: citation('mixOmics')
    
    Loading required package: reticulate
    
    Any bug reports or comments? Notify us at jerome.mariette@inrae.fr or https://forgemia.inra.fr/jerome.mariette/mixKernel/-/issues
    Quitting from lines 147-162 (mixKernelUsersGuide.Rmd)
    Error: processing vignette 'mixKernelUsersGuide.Rmd' failed with diagnostics:
    non-numeric argument to mathematical function
    --- failed re-building ‘mixKernelUsersGuide.Rmd’
    
    SUMMARY: processing the following file failed:
     ‘mixKernelUsersGuide.Rmd’
    
    Error: Vignette re-building failed.
    Execution halted
Flavor: r-oldrel-macos-x86_64