CRAN Package Check Results for Package mitools

Last updated on 2022-07-06 05:54:06 CEST.

Flavor Version Tinstall Tcheck Ttotal Status Flags
r-devel-linux-x86_64-debian-clang 2.4 2.36 37.57 39.93 OK
r-devel-linux-x86_64-debian-gcc 2.4 2.25 29.23 31.48 OK
r-devel-linux-x86_64-fedora-clang 2.4 61.72 OK
r-devel-linux-x86_64-fedora-gcc 2.4 59.55 OK
r-devel-windows-x86_64 2.4 15.00 68.00 83.00 OK
r-patched-linux-x86_64 2.4 2.67 37.16 39.83 OK
r-release-linux-x86_64 2.4 3.02 37.52 40.54 OK
r-release-macos-arm64 2.4 21.00 OK
r-release-macos-x86_64 2.4 33.00 OK
r-release-windows-x86_64 2.4 20.00 70.00 90.00 OK
r-oldrel-macos-arm64 2.4 26.00 NOTE
r-oldrel-macos-x86_64 2.4 42.00 OK
r-oldrel-windows-ix86+x86_64 2.4 7.00 59.00 66.00 OK

Check Details

Version: 2.4
Check: package dependencies
Result: NOTE
    Package suggested but not available for checking: ‘RODBC’
Flavor: r-oldrel-macos-arm64