CRAN Package Check Results for Package missingHE

Last updated on 2021-10-20 16:50:41 CEST.

Flavor Version Tinstall Tcheck Ttotal Status Flags
r-devel-linux-x86_64-debian-clang 1.4.1 22.54 328.32 350.86 OK
r-devel-linux-x86_64-debian-gcc 1.4.1 19.75 240.58 260.33 OK
r-devel-linux-x86_64-fedora-clang 1.4.1 416.66 NOTE
r-devel-linux-x86_64-fedora-gcc 1.4.1 403.36 NOTE
r-devel-windows-x86_64 1.4.1 34.00 381.00 415.00 OK
r-devel-windows-x86_64-gcc10-UCRT 1.4.1 NOTE
r-patched-linux-x86_64 1.4.1 29.91 315.69 345.60 OK
r-patched-solaris-x86 1.4.1 249.70 NOTE
r-release-linux-x86_64 1.4.1 20.92 316.21 337.13 OK
r-release-macos-arm64 1.4.1 NOTE
r-release-macos-x86_64 1.4.1 NOTE
r-release-windows-ix86+x86_64 1.4.1 42.00 381.00 423.00 OK
r-oldrel-macos-x86_64 1.4.1 NOTE
r-oldrel-windows-ix86+x86_64 1.4.1 45.00 382.00 427.00 OK

Check Details

Version: 1.4.1
Check: dependencies in R code
Result: NOTE
    Namespace in Imports field not imported from: ‘mcmcr’
     All declared Imports should be used.
Flavors: r-devel-linux-x86_64-fedora-clang, r-devel-linux-x86_64-fedora-gcc, r-devel-windows-x86_64-gcc10-UCRT, r-patched-solaris-x86, r-release-macos-arm64, r-release-macos-x86_64, r-oldrel-macos-x86_64