CRAN Package Check Results for Package missMethods

Last updated on 2021-07-30 19:50:16 CEST.

Flavor Version Tinstall Tcheck Ttotal Status Flags
r-devel-linux-x86_64-debian-clang 0.2.0 NOTE
r-devel-linux-x86_64-debian-gcc 0.2.0 3.09 41.26 44.35 NOTE
r-devel-linux-x86_64-fedora-clang 0.2.0 79.16 NOTE
r-devel-linux-x86_64-fedora-gcc 0.2.0 68.09 NOTE
r-devel-windows-x86_64 0.2.0 7.00 72.00 79.00 NOTE
r-devel-windows-x86_64-gcc10-UCRT 0.2.0 NOTE
r-patched-linux-x86_64 0.2.0 NOTE
r-patched-solaris-x86 0.2.0 87.00 NOTE
r-release-linux-x86_64 0.2.0 3.50 51.41 54.91 NOTE
r-release-macos-arm64 0.2.0 WARN
r-release-macos-x86_64 0.2.0 NOTE
r-release-windows-ix86+x86_64 0.2.0 8.00 71.00 79.00 NOTE
r-oldrel-macos-x86_64 0.2.0 OK
r-oldrel-windows-ix86+x86_64 0.2.0 7.00 74.00 81.00 OK

Check Details

Version: 0.2.0
Check: LazyData
Result: NOTE
     'LazyData' is specified without a 'data' directory
Flavors: r-devel-linux-x86_64-debian-clang, r-devel-linux-x86_64-debian-gcc, r-devel-linux-x86_64-fedora-clang, r-devel-linux-x86_64-fedora-gcc, r-devel-windows-x86_64, r-devel-windows-x86_64-gcc10-UCRT, r-patched-linux-x86_64, r-patched-solaris-x86, r-release-linux-x86_64, r-release-macos-arm64, r-release-macos-x86_64, r-release-windows-ix86+x86_64

Version: 0.2.0
Check: re-building of vignette outputs
Result: WARN
    Error(s) in re-building vignettes:
     ...
    --- re-building ‘Generating-missing-values.Rmd’ using rmarkdown
    Warning in engine$weave(file, quiet = quiet, encoding = enc) :
     Pandoc (>= 1.12.3) not available. Falling back to R Markdown v1.
    Quitting from lines 72-74 (Generating-missing-values.Rmd)
    Error: processing vignette 'Generating-missing-values.Rmd' failed with diagnostics:
    polygon edge not found
    --- failed re-building ‘Generating-missing-values.Rmd’
    
    SUMMARY: processing the following file failed:
     ‘Generating-missing-values.Rmd’
    
    Error: Vignette re-building failed.
    Execution halted
Flavor: r-release-macos-arm64