Last updated on 2022-08-11 09:53:22 CEST.
Flavor | Version | Tinstall | Tcheck | Ttotal | Status | Flags |
---|---|---|---|---|---|---|
r-devel-linux-x86_64-debian-clang | 0.1-5 | 14.50 | 88.30 | 102.80 | OK | |
r-devel-linux-x86_64-debian-gcc | 0.1-5 | 10.63 | 67.26 | 77.89 | OK | |
r-devel-linux-x86_64-fedora-clang | 0.1-5 | 132.34 | NOTE | |||
r-devel-linux-x86_64-fedora-gcc | 0.1-5 | 129.40 | OK | |||
r-devel-windows-x86_64 | 0.1-5 | 24.00 | 110.00 | 134.00 | NOTE | |
r-patched-linux-x86_64 | 0.1-5 | 12.93 | 85.59 | 98.52 | OK | |
r-release-linux-x86_64 | 0.1-5 | OK | ||||
r-release-macos-arm64 | 0.1-5 | 52.00 | NOTE | |||
r-release-macos-x86_64 | 0.1-5 | 61.00 | NOTE | |||
r-release-windows-x86_64 | 0.1-5 | 26.00 | 112.00 | 138.00 | NOTE | |
r-oldrel-macos-arm64 | 0.1-5 | 42.00 | NOTE | |||
r-oldrel-macos-x86_64 | 0.1-5 | 71.00 | NOTE | |||
r-oldrel-windows-ix86+x86_64 | 0.1-5 | 38.00 | 136.00 | 174.00 | OK |
Version: 0.1-5
Check: Rd cross-references
Result: NOTE
Undeclared packages ‘pspline’, ‘lme4’ in Rd xrefs
Flavor: r-devel-linux-x86_64-fedora-clang
Version: 0.1-5
Check: package dependencies
Result: NOTE
Package suggested but not available for checking: 'BRugs'
Flavors: r-devel-windows-x86_64, r-release-windows-x86_64
Version: 0.1-5
Check: package dependencies
Result: NOTE
Packages suggested but not available for checking: 'mixAK', 'BRugs'
Flavors: r-release-macos-arm64, r-release-macos-x86_64, r-oldrel-macos-arm64, r-oldrel-macos-x86_64
Version: 0.1-5
Check: Rd cross-references
Result: NOTE
Package unavailable to check Rd xrefs: ‘mixAK’
Flavors: r-release-macos-arm64, r-release-macos-x86_64, r-oldrel-macos-arm64, r-oldrel-macos-x86_64