CRAN Package Check Results for Package miniMeta

Last updated on 2021-09-27 04:55:02 CEST.

Flavor Version Tinstall Tcheck Ttotal Status Flags
r-devel-linux-x86_64-debian-clang 0.2 14.05 99.58 113.63 OK
r-devel-linux-x86_64-debian-gcc 0.2 10.11 76.51 86.62 OK
r-devel-linux-x86_64-fedora-clang 0.2 149.10 NOTE
r-devel-linux-x86_64-fedora-gcc 0.2 131.86 NOTE
r-devel-windows-x86_64 0.2 14.00 98.00 112.00 OK
r-devel-windows-x86_64-gcc10-UCRT 0.2 NOTE
r-patched-linux-x86_64 0.2 11.02 95.42 106.44 OK
r-patched-solaris-x86 0.2 190.10 NOTE
r-release-linux-x86_64 0.2 13.83 96.13 109.96 OK
r-release-macos-arm64 0.2 NOTE
r-release-macos-x86_64 0.2 NOTE
r-release-windows-ix86+x86_64 0.2 27.00 95.00 122.00 OK
r-oldrel-macos-x86_64 0.2 NOTE
r-oldrel-windows-ix86+x86_64 0.2 51.00 87.00 138.00 OK

Check Details

Version: 0.2
Check: dependencies in R code
Result: NOTE
    Namespaces in Imports field not imported from:
     ‘markdown’ ‘metafor’
     All declared Imports should be used.
Flavors: r-devel-linux-x86_64-fedora-clang, r-devel-linux-x86_64-fedora-gcc, r-devel-windows-x86_64-gcc10-UCRT, r-patched-solaris-x86, r-release-macos-arm64, r-release-macos-x86_64, r-oldrel-macos-x86_64