CRAN Package Check Results for Package mimi

Last updated on 2021-07-25 07:50:08 CEST.

Flavor Version Tinstall Tcheck Ttotal Status Flags
r-devel-linux-x86_64-debian-clang 0.2.0 7.31 44.44 51.75 OK
r-devel-linux-x86_64-debian-gcc 0.2.0 5.45 33.61 39.06 OK
r-devel-linux-x86_64-fedora-clang 0.2.0 71.81 NOTE
r-devel-linux-x86_64-fedora-gcc 0.2.0 59.28 NOTE
r-devel-windows-x86_64 0.2.0 8.00 47.00 55.00 OK
r-devel-windows-x86_64-gcc10-UCRT 0.2.0 NOTE
r-patched-linux-x86_64 0.2.0 6.23 42.45 48.68 OK
r-patched-solaris-x86 0.2.0 81.30 NOTE
r-release-linux-x86_64 0.2.0 6.79 42.61 49.40 OK
r-release-macos-arm64 0.2.0 NOTE
r-release-macos-x86_64 0.2.0 NOTE
r-release-windows-ix86+x86_64 0.2.0 14.00 43.00 57.00 OK
r-oldrel-macos-x86_64 0.2.0 NOTE
r-oldrel-windows-ix86+x86_64 0.2.0 14.00 60.00 74.00 OK

Check Details

Version: 0.2.0
Check: dependencies in R code
Result: NOTE
    Namespaces in Imports field not imported from:
     ‘FactoMineR’ ‘softImpute’
     All declared Imports should be used.
Flavors: r-devel-linux-x86_64-fedora-clang, r-devel-linux-x86_64-fedora-gcc, r-devel-windows-x86_64-gcc10-UCRT, r-patched-solaris-x86, r-release-macos-arm64, r-release-macos-x86_64, r-oldrel-macos-x86_64