CRAN Package Check Results for Package migest

Last updated on 2021-07-26 19:49:27 CEST.

Flavor Version Tinstall Tcheck Ttotal Status Flags
r-devel-linux-x86_64-debian-clang 1.8.5 3.82 34.61 38.43 OK
r-devel-linux-x86_64-debian-gcc 2.0.0 4.09 32.93 37.02 OK
r-devel-linux-x86_64-fedora-clang 2.0.0 69.17 NOTE
r-devel-linux-x86_64-fedora-gcc 2.0.0 56.65 NOTE
r-devel-windows-x86_64 2.0.0 8.00 45.00 53.00 OK
r-devel-windows-x86_64-gcc10-UCRT 1.8.5 OK
r-patched-linux-x86_64 1.8.5 3.98 33.42 37.40 OK
r-patched-solaris-x86 2.0.0 66.60 NOTE
r-release-linux-x86_64 1.8.5 3.50 33.47 36.97 OK
r-release-macos-arm64 1.8.5 OK
r-release-macos-x86_64 1.8.5 OK
r-release-windows-ix86+x86_64 2.0.0 8.00 54.00 62.00 OK
r-oldrel-macos-x86_64 1.8.5 OK
r-oldrel-windows-ix86+x86_64 1.8.5 6.00 52.00 58.00 OK

Check Details

Version: 2.0.0
Check: dependencies in R code
Result: NOTE
    Namespace in Imports field not imported from: ‘ggplot2’
     All declared Imports should be used.
Flavors: r-devel-linux-x86_64-fedora-clang, r-devel-linux-x86_64-fedora-gcc, r-patched-solaris-x86