CRAN Package Check Results for Package migest

Last updated on 2022-07-05 05:52:56 CEST.

Flavor Version Tinstall Tcheck Ttotal Status Flags
r-devel-linux-x86_64-debian-clang 2.0.2 4.36 50.18 54.54 OK
r-devel-linux-x86_64-debian-gcc 2.0.2 3.65 37.43 41.08 OK
r-devel-linux-x86_64-fedora-clang 2.0.2 77.09 NOTE
r-devel-linux-x86_64-fedora-gcc 2.0.2 75.21 NOTE
r-devel-windows-x86_64 2.0.2 9.00 81.00 90.00 OK
r-patched-linux-x86_64 2.0.2 5.45 47.94 53.39 OK
r-release-linux-x86_64 2.0.2 5.39 46.80 52.19 OK
r-release-macos-arm64 2.0.2 24.00 NOTE
r-release-macos-x86_64 2.0.2 44.00 NOTE
r-release-windows-x86_64 2.0.2 45.00 81.00 126.00 OK
r-oldrel-macos-arm64 2.0.2 131.00 NOTE
r-oldrel-macos-x86_64 2.0.2 31.00 NOTE
r-oldrel-windows-ix86+x86_64 2.0.2 12.00 73.00 85.00 OK

Check Details

Version: 2.0.2
Check: data for non-ASCII characters
Result: NOTE
     Note: found 4 marked UTF-8 strings
Flavors: r-devel-linux-x86_64-fedora-clang, r-devel-linux-x86_64-fedora-gcc, r-release-macos-arm64, r-release-macos-x86_64, r-oldrel-macos-arm64, r-oldrel-macos-x86_64