CRAN Package Check Results for Package mifa

Last updated on 2021-09-27 04:55:02 CEST.

Flavor Version Tinstall Tcheck Ttotal Status Flags
r-devel-linux-x86_64-debian-clang 0.2.0 2.42 66.72 69.14 NOTE
r-devel-linux-x86_64-debian-gcc 0.2.0 1.94 49.65 51.59 NOTE
r-devel-linux-x86_64-fedora-clang 0.2.0 89.50 NOTE
r-devel-linux-x86_64-fedora-gcc 0.2.0 80.46 NOTE
r-devel-windows-x86_64 0.2.0 4.00 74.00 78.00 NOTE
r-devel-windows-x86_64-gcc10-UCRT 0.2.0 NOTE
r-patched-linux-x86_64 0.2.0 8.65 63.75 72.40 NOTE
r-patched-solaris-x86 0.2.0 145.60 NOTE
r-release-linux-x86_64 0.2.0 2.36 62.05 64.41 NOTE
r-release-macos-arm64 0.2.0 NOTE
r-release-macos-x86_64 0.2.0 NOTE
r-release-windows-ix86+x86_64 0.2.0 5.00 63.00 68.00 NOTE
r-oldrel-macos-x86_64 0.2.0 OK
r-oldrel-windows-ix86+x86_64 0.2.0 4.00 66.00 70.00 OK

Check Details

Version: 0.2.0
Check: LazyData
Result: NOTE
     'LazyData' is specified without a 'data' directory
Flavors: r-devel-linux-x86_64-debian-clang, r-devel-linux-x86_64-debian-gcc, r-devel-linux-x86_64-fedora-clang, r-devel-linux-x86_64-fedora-gcc, r-devel-windows-x86_64, r-devel-windows-x86_64-gcc10-UCRT, r-patched-linux-x86_64, r-patched-solaris-x86, r-release-linux-x86_64, r-release-macos-arm64, r-release-macos-x86_64, r-release-windows-ix86+x86_64