CRAN Package Check Results for Package midrangeMCP

Last updated on 2022-01-24 12:52:15 CET.

Flavor Version Tinstall Tcheck Ttotal Status Flags
r-devel-linux-x86_64-debian-clang 3.1.1 6.89 50.81 57.70 NOTE
r-devel-linux-x86_64-debian-gcc 3.1.1 4.67 39.31 43.98 NOTE
r-devel-linux-x86_64-fedora-clang 3.1.1 71.30 NOTE
r-devel-linux-x86_64-fedora-gcc 3.1.1 60.85 NOTE
r-devel-windows-x86_64-new-UL 3.1.1 37.00 65.00 102.00 NOTE
r-devel-windows-x86_64-new-TK 3.1.1 NOTE
r-patched-linux-x86_64 3.1.1 5.92 50.07 55.99 NOTE
r-release-linux-x86_64 3.1.1 5.81 50.00 55.81 NOTE
r-release-macos-arm64 3.1.1 NOTE
r-release-macos-x86_64 3.1.1 NOTE
r-release-windows-ix86+x86_64 3.1.1 10.00 55.00 65.00 NOTE
r-oldrel-macos-x86_64 3.1.1 OK
r-oldrel-windows-ix86+x86_64 3.1.1 10.00 64.00 74.00 OK

Check Details

Version: 3.1.1
Check: LazyData
Result: NOTE
     'LazyData' is specified without a 'data' directory
Flavors: r-devel-linux-x86_64-debian-clang, r-devel-linux-x86_64-debian-gcc, r-devel-linux-x86_64-fedora-clang, r-devel-linux-x86_64-fedora-gcc, r-devel-windows-x86_64-new-UL, r-devel-windows-x86_64-new-TK, r-patched-linux-x86_64, r-release-linux-x86_64, r-release-macos-arm64, r-release-macos-x86_64, r-release-windows-ix86+x86_64