Last updated on 2025-01-16 07:50:21 CET.
Flavor | Version | Tinstall | Tcheck | Ttotal | Status | Flags |
---|---|---|---|---|---|---|
r-devel-linux-x86_64-debian-clang | 1.4.4 | 87.48 | 63.20 | 150.68 | OK | |
r-devel-linux-x86_64-debian-gcc | 1.4.4 | 63.36 | 47.57 | 110.93 | OK | |
r-devel-linux-x86_64-fedora-clang | 1.4.4 | 302.63 | OK | |||
r-devel-linux-x86_64-fedora-gcc | 1.4.4 | 295.42 | OK | |||
r-devel-windows-x86_64 | 1.4.4 | 96.00 | 99.00 | 195.00 | OK | |
r-patched-linux-x86_64 | 1.4.4 | 90.01 | 59.33 | 149.34 | OK | |
r-release-linux-x86_64 | 1.4.4 | 96.66 | 59.82 | 156.48 | OK | |
r-release-macos-arm64 | 1.4.4 | 70.00 | NOTE | |||
r-release-macos-x86_64 | 1.4.4 | 121.00 | NOTE | |||
r-release-windows-x86_64 | 1.4.4 | 98.00 | 93.00 | 191.00 | NOTE | |
r-oldrel-macos-arm64 | 1.4.4 | 78.00 | NOTE | |||
r-oldrel-macos-x86_64 | 1.4.4 | 149.00 | NOTE | |||
r-oldrel-windows-x86_64 | 1.4.4 | 109.00 | 111.00 | 220.00 | NOTE |
Version: 1.4.4
Check: installed package size
Result: NOTE
installed size is 20.5Mb
sub-directories of 1Mb or more:
doc 6.1Mb
lib 9.1Mb
libs 4.6Mb
Flavors: r-release-macos-arm64, r-release-macos-x86_64, r-release-windows-x86_64, r-oldrel-macos-arm64, r-oldrel-macos-x86_64, r-oldrel-windows-x86_64