CRAN Package Check Results for Package microsimulation

Last updated on 2024-06-17 17:57:11 CEST.

Flavor Version Tinstall Tcheck Ttotal Status Flags
r-devel-linux-x86_64-debian-clang 1.4.3 156.73 77.99 234.72 NOTE
r-devel-linux-x86_64-debian-gcc 1.4.3 104.00 60.61 164.61 NOTE
r-devel-linux-x86_64-fedora-clang 1.4.3 351.13 NOTE
r-devel-linux-x86_64-fedora-gcc 1.4.3 341.94 NOTE
r-devel-windows-x86_64 1.4.3 124.00 101.00 225.00 NOTE
r-patched-linux-x86_64 1.4.3 146.22 75.73 221.95 NOTE
r-release-linux-x86_64 1.4.3 137.25 77.11 214.36 NOTE
r-release-macos-arm64 1.4.3 65.00 NOTE
r-release-macos-x86_64 1.4.3 83.00 NOTE
r-release-windows-x86_64 1.4.3 125.00 98.00 223.00 NOTE
r-oldrel-macos-arm64 1.4.3 62.00 NOTE
r-oldrel-macos-x86_64 1.4.3 90.00 NOTE
r-oldrel-windows-x86_64 1.4.3 148.00 115.00 263.00 NOTE

Check Details

Version: 1.4.3
Check: Rd files
Result: NOTE checkRd: (-1) RNGStream.Rd:29: Lost braces 29 | item{open}{function to use the current seed} | ^ checkRd: (-1) RNGStream.Rd:29: Lost braces 29 | item{open}{function to use the current seed} | ^ checkRd: (-1) RNGStream.Rd:30: Lost braces 30 | item{close}{function to make the current seed equal to .Random.seed} | ^ checkRd: (-1) RNGStream.Rd:30: Lost braces 30 | item{close}{function to make the current seed equal to .Random.seed} | ^ checkRd: (-1) RNGStream.Rd:31: Lost braces 31 | item{resetStream}{function to move back to start of stream} | ^ checkRd: (-1) RNGStream.Rd:31: Lost braces 31 | item{resetStream}{function to move back to start of stream} | ^ checkRd: (-1) RNGStream.Rd:32: Lost braces 32 | item{resetSubStream}{function to move back to start of sub-stream} | ^ checkRd: (-1) RNGStream.Rd:32: Lost braces 32 | item{resetSubStream}{function to move back to start of sub-stream} | ^ checkRd: (-1) RNGStream.Rd:33: Lost braces 33 | item{nextSubStream}{function to move to next sub-stream} | ^ checkRd: (-1) RNGStream.Rd:33: Lost braces 33 | item{nextSubStream}{function to move to next sub-stream} | ^ checkRd: (-1) RNGStream.Rd:34: Lost braces 34 | item{nextStream}{function to move to next stream} | ^ checkRd: (-1) RNGStream.Rd:34: Lost braces 34 | item{nextStream}{function to move to next stream} | ^ Flavors: r-devel-linux-x86_64-debian-clang, r-devel-linux-x86_64-debian-gcc, r-devel-linux-x86_64-fedora-clang, r-devel-linux-x86_64-fedora-gcc, r-devel-windows-x86_64, r-patched-linux-x86_64, r-release-linux-x86_64, r-release-macos-arm64, r-release-macos-x86_64, r-release-windows-x86_64

Version: 1.4.3
Check: installed package size
Result: NOTE installed size is 8.9Mb sub-directories of 1Mb or more: doc 6.2Mb lib 1.6Mb Flavors: r-devel-linux-x86_64-fedora-clang, r-devel-windows-x86_64, r-release-macos-arm64, r-release-macos-x86_64, r-release-windows-x86_64, r-oldrel-macos-arm64, r-oldrel-macos-x86_64, r-oldrel-windows-x86_64