CRAN Package Check Results for Package microsimulation

Last updated on 2022-10-02 11:54:18 CEST.

Flavor Version Tinstall Tcheck Ttotal Status Flags
r-devel-linux-x86_64-debian-clang 1.3.7 92.61 79.68 172.29 OK
r-devel-linux-x86_64-debian-gcc 1.3.7 70.73 61.01 131.74 OK
r-devel-linux-x86_64-fedora-clang 1.3.7 262.43 NOTE
r-devel-linux-x86_64-fedora-gcc 1.3.7 222.29 OK
r-devel-windows-x86_64 1.3.7 484.00 142.00 626.00 NOTE
r-patched-linux-x86_64 1.3.7 77.62 75.61 153.23 OK
r-release-linux-x86_64 1.3.7 74.53 75.86 150.39 OK
r-release-macos-arm64 1.3.7 58.00 NOTE
r-release-macos-x86_64 1.3.7 80.00 NOTE
r-release-windows-x86_64 1.3.7 575.00 129.00 704.00 NOTE
r-oldrel-macos-arm64 1.3.7 57.00 NOTE
r-oldrel-macos-x86_64 1.3.7 75.00 NOTE
r-oldrel-windows-ix86+x86_64 1.3.7 219.00 139.00 358.00 NOTE

Check Details

Version: 1.3.7
Check: installed package size
Result: NOTE
     installed size is 8.4Mb
     sub-directories of 1Mb or more:
     doc 6.0Mb
     lib 1.3Mb
Flavors: r-devel-linux-x86_64-fedora-clang, r-devel-windows-x86_64, r-release-macos-arm64, r-release-macos-x86_64, r-release-windows-x86_64, r-oldrel-macos-arm64, r-oldrel-macos-x86_64, r-oldrel-windows-ix86+x86_64