CRAN Package Check Results for Package microservices

Last updated on 2022-01-27 12:53:54 CET.

Flavor Version Tinstall Tcheck Ttotal Status Flags
r-devel-linux-x86_64-debian-clang 0.1.2 2.42 35.31 37.73 OK
r-devel-linux-x86_64-debian-gcc 0.1.2 1.95 28.06 30.01 OK
r-devel-linux-x86_64-fedora-clang 0.1.2 46.52 NOTE
r-devel-linux-x86_64-fedora-gcc 0.1.2 35.49 NOTE
r-devel-windows-x86_64-new-UL 0.1.2 138.00 57.00 195.00 OK
r-devel-windows-x86_64-new-TK 0.1.2 NOTE
r-patched-linux-x86_64 0.1.2 2.46 34.44 36.90 OK
r-release-linux-x86_64 0.1.2 2.38 34.04 36.42 OK
r-release-macos-arm64 0.1.2 NOTE
r-release-macos-x86_64 0.1.2 NOTE
r-release-windows-ix86+x86_64 0.1.2 5.00 44.00 49.00 OK
r-oldrel-macos-x86_64 0.1.2 NOTE
r-oldrel-windows-ix86+x86_64 0.1.2 9.00 44.00 53.00 OK

Check Details

Version: 0.1.2
Check: dependencies in R code
Result: NOTE
    Namespaces in Imports field not imported from:
     ‘config’ ‘desc’ ‘dplyr’ ‘glue’ ‘withr’
     All declared Imports should be used.
Flavors: r-devel-linux-x86_64-fedora-clang, r-devel-linux-x86_64-fedora-gcc, r-devel-windows-x86_64-new-TK, r-release-macos-arm64, r-release-macos-x86_64, r-oldrel-macos-x86_64