CRAN Package Check Results for Package microdemic

Last updated on 2021-09-24 16:50:09 CEST.

Flavor Version Tinstall Tcheck Ttotal Status Flags
r-devel-linux-x86_64-debian-clang 0.6.0 1.73 23.85 25.58 NOTE
r-devel-linux-x86_64-debian-gcc 0.6.0 1.73 18.99 20.72 NOTE
r-devel-linux-x86_64-fedora-clang 0.6.0 41.00 NOTE
r-devel-linux-x86_64-fedora-gcc 0.6.0 30.33 NOTE
r-devel-windows-x86_64 0.6.0 4.00 32.00 36.00 NOTE
r-devel-windows-x86_64-gcc10-UCRT 0.6.0 NOTE
r-patched-linux-x86_64 0.6.0 2.27 23.49 25.76 NOTE
r-patched-solaris-x86 0.6.0 47.40 NOTE
r-release-linux-x86_64 0.6.0 2.09 23.67 25.76 NOTE
r-release-macos-arm64 0.6.0 NOTE
r-release-macos-x86_64 0.6.0 NOTE
r-release-windows-ix86+x86_64 0.6.0 7.00 30.00 37.00 NOTE
r-oldrel-macos-x86_64 0.6.0 OK
r-oldrel-windows-ix86+x86_64 0.6.0 5.00 31.00 36.00 OK

Check Details

Version: 0.6.0
Check: LazyData
Result: NOTE
     'LazyData' is specified without a 'data' directory
Flavors: r-devel-linux-x86_64-debian-clang, r-devel-linux-x86_64-debian-gcc, r-devel-linux-x86_64-fedora-clang, r-devel-linux-x86_64-fedora-gcc, r-devel-windows-x86_64, r-devel-windows-x86_64-gcc10-UCRT, r-patched-linux-x86_64, r-patched-solaris-x86, r-release-linux-x86_64, r-release-macos-arm64, r-release-macos-x86_64, r-release-windows-ix86+x86_64