CRAN Package Check Results for Package microcontax

Last updated on 2022-12-06 04:51:52 CET.

Flavor Version Tinstall Tcheck Ttotal Status Flags
r-devel-linux-x86_64-debian-clang 1.2 6.10 72.84 78.94 NOTE
r-devel-linux-x86_64-debian-gcc 1.2 4.94 54.13 59.07 NOTE
r-devel-linux-x86_64-fedora-clang 1.2 108.56 NOTE
r-devel-linux-x86_64-fedora-gcc 1.2 115.99 NOTE
r-devel-windows-x86_64 1.2 22.00 107.00 129.00 NOTE
r-patched-linux-x86_64 1.2 10.30 67.41 77.71 NOTE
r-release-linux-x86_64 1.2 5.94 68.49 74.43 NOTE
r-release-macos-arm64 1.2 40.00 NOTE
r-release-macos-x86_64 1.2 60.00 NOTE
r-release-windows-x86_64 1.2 28.00 112.00 140.00 NOTE
r-oldrel-macos-arm64 1.2 43.00 NOTE
r-oldrel-macos-x86_64 1.2 64.00 NOTE
r-oldrel-windows-ix86+x86_64 1.2 15.00 102.00 117.00 NOTE

Check Details

Version: 1.2
Check: package dependencies
Result: NOTE
    Package suggested but not available for checking: 'microcontax.data'
Flavors: r-devel-linux-x86_64-debian-clang, r-devel-linux-x86_64-debian-gcc, r-devel-linux-x86_64-fedora-clang, r-devel-linux-x86_64-fedora-gcc, r-devel-windows-x86_64, r-patched-linux-x86_64, r-release-linux-x86_64, r-release-macos-arm64, r-release-macos-x86_64, r-release-windows-x86_64, r-oldrel-macos-arm64, r-oldrel-macos-x86_64, r-oldrel-windows-ix86+x86_64

Version: 1.2
Check: Rd cross-references
Result: NOTE
    Package unavailable to check Rd xrefs: 'microcontax.data'
Flavors: r-devel-linux-x86_64-debian-clang, r-devel-linux-x86_64-debian-gcc, r-devel-linux-x86_64-fedora-clang, r-devel-linux-x86_64-fedora-gcc, r-devel-windows-x86_64, r-patched-linux-x86_64, r-release-linux-x86_64, r-release-macos-arm64, r-release-macos-x86_64, r-release-windows-x86_64, r-oldrel-macos-arm64, r-oldrel-macos-x86_64, r-oldrel-windows-ix86+x86_64