CRAN Package Check Results for Package microbial

Last updated on 2021-12-06 23:50:52 CET.

Flavor Version Tinstall Tcheck Ttotal Status Flags
r-devel-linux-x86_64-debian-clang 0.0.20 45.07 467.38 512.45 OK
r-devel-linux-x86_64-debian-gcc 0.0.20 38.46 354.25 392.71 OK
r-devel-linux-x86_64-fedora-clang 0.0.20 626.15 NOTE
r-devel-linux-x86_64-fedora-gcc 0.0.20 606.06 NOTE
r-devel-windows-x86_64-new-UL 0.0.20 70.00 525.00 595.00 OK
r-devel-windows-x86_64-new-TK 0.0.20 NOTE
r-devel-windows-x86_64-old 0.0.20 57.00 386.00 443.00 OK
r-patched-linux-x86_64 0.0.20 43.84 432.54 476.38 OK
r-release-linux-x86_64 0.0.20 41.49 444.35 485.84 OK
r-release-macos-arm64 0.0.20 NOTE
r-release-macos-x86_64 0.0.20 NOTE
r-release-windows-ix86+x86_64 0.0.20 92.00 516.00 608.00 OK
r-oldrel-macos-x86_64 0.0.20 NOTE
r-oldrel-windows-ix86+x86_64 0.0.20 105.00 523.00 628.00 OK

Check Details

Version: 0.0.20
Check: dependencies in R code
Result: NOTE
    Namespace in Imports field not imported from: ‘testthat’
     All declared Imports should be used.
Flavors: r-devel-linux-x86_64-fedora-clang, r-devel-linux-x86_64-fedora-gcc, r-devel-windows-x86_64-new-TK, r-release-macos-arm64, r-release-macos-x86_64, r-oldrel-macos-x86_64

Version: 0.0.20
Check: package dependencies
Result: NOTE
    Package suggested but not available for checking: ‘dada2’
Flavor: r-release-macos-arm64

Version: 0.0.20
Check: package dependencies
Result: NOTE
    Packages suggested but not available for checking: 'dada2', 'DECIPHER'
Flavors: r-release-macos-x86_64, r-oldrel-macos-x86_64