CRAN Package Check Results for Package micEconIndex

Last updated on 2021-09-20 16:50:43 CEST.

Flavor Version Tinstall Tcheck Ttotal Status Flags
r-devel-linux-x86_64-debian-clang 0.1-6 1.95 23.19 25.14 OK
r-devel-linux-x86_64-debian-gcc 0.1-6 1.62 18.14 19.76 OK
r-devel-linux-x86_64-fedora-clang 0.1-6 39.44 OK
r-devel-linux-x86_64-fedora-gcc 0.1-6 28.66 OK
r-devel-windows-x86_64 0.1-6 3.00 32.00 35.00 OK
r-devel-windows-x86_64-gcc10-UCRT 0.1-6 ERROR
r-patched-linux-x86_64 0.1-6 1.96 22.41 24.37 OK
r-patched-solaris-x86 0.1-6 48.00 OK
r-release-linux-x86_64 0.1-6 1.91 22.27 24.18 OK
r-release-macos-arm64 0.1-6 OK
r-release-macos-x86_64 0.1-6 OK
r-release-windows-ix86+x86_64 0.1-6 5.00 29.00 34.00 OK
r-oldrel-macos-x86_64 0.1-6 OK
r-oldrel-windows-ix86+x86_64 0.1-6 4.00 30.00 34.00 OK

Check Details

Version: 0.1-6
Check: whether package can be installed
Result: WARN
    Found the following significant warnings:
     WARNING: installation-time patches will not be applied, could not get the patches index
Flavor: r-devel-windows-x86_64-gcc10-UCRT

Version: 0.1-6
Check: PDF version of manual
Result: WARN
    LaTeX errors when creating PDF version.
    This typically indicates Rd problems.
Flavor: r-devel-windows-x86_64-gcc10-UCRT

Version: 0.1-6
Check: PDF version of manual without hyperrefs or index
Result: ERROR
    Re-running with no redirection of stdout/stderr.
Flavor: r-devel-windows-x86_64-gcc10-UCRT