CRAN Package Check Results for Package mgsub

Last updated on 2021-07-29 19:52:30 CEST.

Flavor Version Tinstall Tcheck Ttotal Status Flags
r-devel-linux-x86_64-debian-clang 1.7.2 WARN
r-devel-linux-x86_64-debian-gcc 1.7.3 1.53 21.19 22.72 OK
r-devel-linux-x86_64-fedora-clang 1.7.3 45.24 OK
r-devel-linux-x86_64-fedora-gcc 1.7.3 36.38 OK
r-devel-windows-x86_64 1.7.3 4.00 43.00 47.00 OK
r-devel-windows-x86_64-gcc10-UCRT 1.7.2 NOTE
r-patched-linux-x86_64 1.7.2 1.92 30.22 32.14 NOTE
r-patched-solaris-x86 1.7.3 48.60 OK
r-release-linux-x86_64 1.7.2 1.80 30.16 31.96 NOTE
r-release-macos-arm64 1.7.2 WARN
r-release-macos-x86_64 1.7.2 NOTE
r-release-windows-ix86+x86_64 1.7.2 5.00 55.00 60.00 NOTE
r-oldrel-macos-x86_64 1.7.2 OK
r-oldrel-windows-ix86+x86_64 1.7.2 5.00 51.00 56.00 OK

Check Details

Version: 1.7.2
Check: package dependencies
Result: NOTE
    Package suggested but not available for checking: 'qdap'
Flavor: r-devel-linux-x86_64-debian-clang

Version: 1.7.2
Check: LazyData
Result: NOTE
     'LazyData' is specified without a 'data' directory
Flavors: r-devel-linux-x86_64-debian-clang, r-devel-windows-x86_64-gcc10-UCRT, r-patched-linux-x86_64, r-release-linux-x86_64, r-release-macos-arm64, r-release-macos-x86_64, r-release-windows-ix86+x86_64

Version: 1.7.2
Check: re-building of vignette outputs
Result: WARN
    Error(s) in re-building vignettes:
     ...
    --- re-building 'Safe-Censoring.Rmd' using rmarkdown
    --- finished re-building 'Safe-Censoring.Rmd'
    
    --- re-building 'Safe-Substitution.Rmd' using rmarkdown
    Quitting from lines 93-94 (Safe-Substitution.Rmd)
    Error: processing vignette 'Safe-Substitution.Rmd' failed with diagnostics:
    there is no package called 'qdap'
    --- failed re-building 'Safe-Substitution.Rmd'
    
    SUMMARY: processing the following file failed:
     'Safe-Substitution.Rmd'
    
    Error: Vignette re-building failed.
    Execution halted
Flavor: r-devel-linux-x86_64-debian-clang

Version: 1.7.2
Check: re-building of vignette outputs
Result: WARN
    Error(s) in re-building vignettes:
     ...
    --- re-building ‘Safe-Censoring.Rmd’ using rmarkdown
    Warning in engine$weave(file, quiet = quiet, encoding = enc) :
     Pandoc (>= 1.12.3) not available. Falling back to R Markdown v1.
    --- finished re-building ‘Safe-Censoring.Rmd’
    
    sh: line 1: 33824 Trace/BPT trap: 5 '/Library/Frameworks/R.framework/Resources/bin/R' --vanilla --no-echo > '/Volumes/Temp/tmp/RtmpYIt3Ru/file83f044c6675' 2>&1 < '/Volumes/Temp/tmp/RtmpYIt3Ru/file83f033da8d87'
    --- re-building ‘Safe-Substitution.Rmd’ using rmarkdown
    Warning in engine$weave(file, quiet = quiet, encoding = enc) :
     Pandoc (>= 1.12.3) not available. Falling back to R Markdown v1.
    SUMMARY: processing the following file failed:
     ‘Safe-Substitution.Rmd’
    
    Error: Vignette re-building failed.
    Execution halted
Flavor: r-release-macos-arm64