CRAN Package Check Results for Package mgarchBEKK

Last updated on 2022-08-19 21:51:00 CEST.

Flavor Version Tinstall Tcheck Ttotal Status Flags
r-devel-linux-x86_64-debian-clang 0.0.2 6.75 40.59 47.34 NOTE
r-devel-linux-x86_64-debian-gcc 0.0.2 4.07 31.51 35.58 NOTE
r-devel-linux-x86_64-fedora-clang 0.0.2 65.84 NOTE
r-devel-linux-x86_64-fedora-gcc 0.0.2 64.03 NOTE
r-devel-windows-x86_64 0.0.2 15.00 66.00 81.00 NOTE
r-patched-linux-x86_64 0.0.2 5.55 38.76 44.31 NOTE
r-release-linux-x86_64 0.0.2 NOTE
r-release-macos-arm64 0.0.2 23.00 NOTE
r-release-macos-x86_64 0.0.2 31.00 NOTE
r-release-windows-x86_64 0.0.2 12.00 74.00 86.00 NOTE
r-oldrel-macos-arm64 0.0.2 29.00 NOTE
r-oldrel-macos-x86_64 0.0.2 40.00 NOTE
r-oldrel-windows-ix86+x86_64 0.0.2 16.00 86.00 102.00 NOTE

Check Details

Version: 0.0.2
Check: LazyData
Result: NOTE
     'LazyData' is specified without a 'data' directory
Flavors: r-devel-linux-x86_64-debian-clang, r-devel-linux-x86_64-debian-gcc, r-devel-linux-x86_64-fedora-clang, r-devel-linux-x86_64-fedora-gcc, r-devel-windows-x86_64, r-patched-linux-x86_64, r-release-linux-x86_64, r-release-macos-arm64, r-release-macos-x86_64, r-release-windows-x86_64, r-oldrel-macos-arm64, r-oldrel-macos-x86_64, r-oldrel-windows-ix86+x86_64

Version: 0.0.2
Check: compiled code
Result: NOTE
    File ‘mgarchBEKK/libs/mgarchBEKK.so’:
     Found no calls to: ‘R_registerRoutines’, ‘R_useDynamicSymbols’
    
    It is good practice to register native routines and to disable symbol
    search.
    
    See ‘Writing portable packages’ in the ‘Writing R Extensions’ manual.
Flavors: r-devel-linux-x86_64-fedora-clang, r-devel-linux-x86_64-fedora-gcc