CRAN Package Check Results for Package meteorits

Last updated on 2021-06-20 09:49:55 CEST.

Flavor Version Tinstall Tcheck Ttotal Status Flags
r-devel-linux-x86_64-debian-clang 0.1.1 52.98 270.30 323.28 OK
r-devel-linux-x86_64-debian-gcc 0.1.1 37.59 160.44 198.03 OK
r-devel-linux-x86_64-fedora-clang 0.1.1 361.07 NOTE
r-devel-linux-x86_64-fedora-gcc 0.1.1 331.47 OK
r-devel-windows-x86_64 0.1.1 73.00 192.00 265.00 NOTE
r-devel-windows-x86_64-gcc10-UCRT 0.1.1 OK
r-patched-linux-x86_64 0.1.1 44.14 258.10 302.24 OK
r-patched-solaris-x86 0.1.1 580.30 NOTE
r-release-linux-x86_64 0.1.1 43.82 238.27 282.09 OK
r-release-macos-arm64 0.1.1 NOTE
r-release-macos-x86_64 0.1.1 NOTE
r-release-windows-ix86+x86_64 0.1.1 130.00 506.00 636.00 NOTE
r-oldrel-macos-x86_64 0.1.1 NOTE
r-oldrel-windows-ix86+x86_64 0.1.1 87.00 292.00 379.00 NOTE

Check Details

Version: 0.1.1
Check: installed package size
Result: NOTE
     installed size is 6.8Mb
     sub-directories of 1Mb or more:
     doc 2.3Mb
     help 2.0Mb
     libs 2.2Mb
Flavors: r-devel-linux-x86_64-fedora-clang, r-devel-windows-x86_64, r-patched-solaris-x86, r-release-macos-arm64, r-release-macos-x86_64, r-release-windows-ix86+x86_64, r-oldrel-macos-x86_64, r-oldrel-windows-ix86+x86_64