CRAN Package Check Results for Package meteorits

Last updated on 2022-01-27 00:50:27 CET.

Flavor Version Tinstall Tcheck Ttotal Status Flags
r-devel-linux-x86_64-debian-clang 0.1.1 49.36 254.79 304.15 OK
r-devel-linux-x86_64-debian-gcc 0.1.1 38.74 237.13 275.87 OK
r-devel-linux-x86_64-fedora-clang 0.1.1 458.45 NOTE
r-devel-linux-x86_64-fedora-gcc 0.1.1 385.27 OK
r-devel-windows-x86_64-new-UL 0.1.1 163.00 283.00 446.00 NOTE
r-devel-windows-x86_64-new-TK 0.1.1 OK
r-patched-linux-x86_64 0.1.1 48.12 332.91 381.03 OK
r-release-linux-x86_64 0.1.1 44.77 307.46 352.23 OK
r-release-macos-arm64 0.1.1 NOTE
r-release-macos-x86_64 0.1.1 NOTE
r-release-windows-ix86+x86_64 0.1.1 127.00 351.00 478.00 NOTE
r-oldrel-macos-x86_64 0.1.1 NOTE
r-oldrel-windows-ix86+x86_64 0.1.1 128.00 441.00 569.00 NOTE

Check Details

Version: 0.1.1
Check: installed package size
Result: NOTE
     installed size is 6.7Mb
     sub-directories of 1Mb or more:
     doc 2.3Mb
     help 2.0Mb
     libs 2.0Mb
Flavors: r-devel-linux-x86_64-fedora-clang, r-devel-windows-x86_64-new-UL, r-release-macos-arm64, r-release-macos-x86_64, r-release-windows-ix86+x86_64, r-oldrel-macos-x86_64, r-oldrel-windows-ix86+x86_64