CRAN Package Check Results for Package meteoForecast

Last updated on 2021-09-25 16:49:32 CEST.

Flavor Version Tinstall Tcheck Ttotal Status Flags
r-devel-linux-x86_64-debian-clang 0.54 9.75 85.08 94.83 NOTE
r-devel-linux-x86_64-debian-gcc 0.54 8.12 66.70 74.82 NOTE
r-devel-linux-x86_64-fedora-clang 0.54 121.35 NOTE
r-devel-linux-x86_64-fedora-gcc 0.54 109.40 NOTE
r-devel-windows-x86_64 0.54 9.00 76.00 85.00 NOTE
r-devel-windows-x86_64-gcc10-UCRT 0.54 NOTE
r-patched-linux-x86_64 0.54 11.17 82.53 93.70 NOTE
r-patched-solaris-x86 0.54 160.60 NOTE
r-release-linux-x86_64 0.54 9.58 82.22 91.80 NOTE
r-release-macos-arm64 0.54 NOTE
r-release-macos-x86_64 0.54 NOTE
r-release-windows-ix86+x86_64 0.54 22.00 76.00 98.00 NOTE
r-oldrel-macos-x86_64 0.54 OK
r-oldrel-windows-ix86+x86_64 0.54 15.00 70.00 85.00 OK

Check Details

Version: 0.54
Check: LazyData
Result: NOTE
     'LazyData' is specified without a 'data' directory
Flavors: r-devel-linux-x86_64-debian-clang, r-devel-linux-x86_64-debian-gcc, r-devel-linux-x86_64-fedora-clang, r-devel-linux-x86_64-fedora-gcc, r-devel-windows-x86_64, r-devel-windows-x86_64-gcc10-UCRT, r-patched-linux-x86_64, r-patched-solaris-x86, r-release-linux-x86_64, r-release-macos-arm64, r-release-macos-x86_64, r-release-windows-ix86+x86_64