CRAN Package Check Results for Package metaprotr

Last updated on 2021-07-25 07:50:08 CEST.

Flavor Version Tinstall Tcheck Ttotal Status Flags
r-devel-linux-x86_64-debian-clang 1.2.2 9.42 77.13 86.55 OK
r-devel-linux-x86_64-debian-gcc 1.2.2 8.94 55.91 64.85 OK
r-devel-linux-x86_64-fedora-clang 1.2.2 110.62 NOTE
r-devel-linux-x86_64-fedora-gcc 1.2.2 104.78 NOTE
r-devel-windows-x86_64 1.2.2 14.00 79.00 93.00 OK
r-devel-windows-x86_64-gcc10-UCRT 1.2.2 NOTE
r-patched-linux-x86_64 1.2.2 8.25 72.84 81.09 OK
r-patched-solaris-x86 1.2.2 132.80 NOTE
r-release-linux-x86_64 1.2.2 10.32 71.63 81.95 OK
r-release-macos-arm64 1.2.2 NOTE
r-release-macos-x86_64 1.2.2 NOTE
r-release-windows-ix86+x86_64 1.2.2 21.00 66.00 87.00 OK
r-oldrel-macos-x86_64 1.2.2 NOTE
r-oldrel-windows-ix86+x86_64 1.2.2 23.00 89.00 112.00 OK

Check Details

Version: 1.2.2
Check: dependencies in R code
Result: NOTE
    Namespaces in Imports field not imported from:
     ‘ade4’ ‘dendextend’ ‘ggforce’ ‘ggrepel’ ‘stringr’ ‘tidyverse’
     All declared Imports should be used.
Flavors: r-devel-linux-x86_64-fedora-clang, r-devel-linux-x86_64-fedora-gcc, r-devel-windows-x86_64-gcc10-UCRT, r-patched-solaris-x86, r-release-macos-arm64, r-release-macos-x86_64, r-oldrel-macos-x86_64