CRAN Package Check Results for Package metagear

Last updated on 2021-08-01 19:51:34 CEST.

Flavor Version Tinstall Tcheck Ttotal Status Flags
r-devel-linux-x86_64-debian-clang 0.7 12.21 117.92 130.13 OK
r-devel-linux-x86_64-debian-gcc 0.7 10.70 90.64 101.34 OK
r-devel-linux-x86_64-fedora-clang 0.7 169.18 OK
r-devel-linux-x86_64-fedora-gcc 0.7 157.61 OK
r-devel-windows-x86_64 0.7 14.00 126.00 140.00 OK
r-devel-windows-x86_64-gcc10-UCRT 0.7 OK
r-patched-linux-x86_64 0.7 OK
r-patched-solaris-x86 0.7 215.30 OK
r-release-linux-x86_64 0.7 13.78 114.59 128.37 OK
r-release-macos-arm64 0.7 NOTE
r-release-macos-x86_64 0.7 OK
r-release-windows-ix86+x86_64 0.7 26.00 128.00 154.00 OK
r-oldrel-macos-x86_64 0.7 OK
r-oldrel-windows-ix86+x86_64 0.7 23.00 123.00 146.00 OK

Check Details

Version: 0.7
Check: package dependencies
Result: NOTE
    Package suggested but not available for checking: ‘EBImage’
Flavor: r-release-macos-arm64