CRAN Package Check Results for Package metagam

Last updated on 2021-07-28 19:50:00 CEST.

Flavor Version Tinstall Tcheck Ttotal Status Flags
r-devel-linux-x86_64-debian-clang 0.2.0 NOTE
r-devel-linux-x86_64-debian-gcc 0.2.0 6.30 135.45 141.75 NOTE
r-devel-linux-x86_64-fedora-clang 0.2.0 227.22 NOTE
r-devel-linux-x86_64-fedora-gcc 0.2.0 220.85 NOTE
r-devel-windows-x86_64 0.2.0 10.00 213.00 223.00 NOTE
r-devel-windows-x86_64-gcc10-UCRT 0.2.0 NOTE
r-patched-linux-x86_64 0.2.0 6.68 174.01 180.69 NOTE
r-patched-solaris-x86 0.2.0 305.10 NOTE
r-release-linux-x86_64 0.2.0 6.93 170.26 177.19 NOTE
r-release-macos-arm64 0.2.0 WARN
r-release-macos-x86_64 0.2.0 NOTE
r-release-windows-ix86+x86_64 0.2.0 20.00 217.00 237.00 NOTE
r-oldrel-macos-x86_64 0.2.0 OK
r-oldrel-windows-ix86+x86_64 0.2.0 14.00 227.00 241.00 OK

Check Details

Version: 0.2.0
Check: LazyData
Result: NOTE
     'LazyData' is specified without a 'data' directory
Flavors: r-devel-linux-x86_64-debian-clang, r-devel-linux-x86_64-debian-gcc, r-devel-linux-x86_64-fedora-clang, r-devel-linux-x86_64-fedora-gcc, r-devel-windows-x86_64, r-devel-windows-x86_64-gcc10-UCRT, r-patched-linux-x86_64, r-patched-solaris-x86, r-release-linux-x86_64, r-release-macos-arm64, r-release-macos-x86_64, r-release-windows-ix86+x86_64

Version: 0.2.0
Check: re-building of vignette outputs
Result: WARN
    Error(s) in re-building vignettes:
    --- re-building ‘dominance.Rmd’ using rmarkdown
    Warning in engine$weave(file, quiet = quiet, encoding = enc) :
     Pandoc (>= 1.12.3) not available. Falling back to R Markdown v1.
    Quitting from lines 80-83 (dominance.Rmd)
    Error: processing vignette 'dominance.Rmd' failed with diagnostics:
    polygon edge not found
    --- failed re-building ‘dominance.Rmd’
    
    --- re-building ‘heterogeneity.Rmd’ using rmarkdown
    Warning in engine$weave(file, quiet = quiet, encoding = enc) :
     Pandoc (>= 1.12.3) not available. Falling back to R Markdown v1.
    Quitting from lines 70-71 (heterogeneity.Rmd)
    Error: processing vignette 'heterogeneity.Rmd' failed with diagnostics:
    polygon edge not found
    --- failed re-building ‘heterogeneity.Rmd’
    
    --- re-building ‘introduction.Rmd’ using rmarkdown
    Warning in engine$weave(file, quiet = quiet, encoding = enc) :
     Pandoc (>= 1.12.3) not available. Falling back to R Markdown v1.
    Loading required package: nlme
    This is mgcv 1.8-36. For overview type 'help("mgcv-package")'.
    Quitting from lines 98-99 (introduction.Rmd)
    Error: processing vignette 'introduction.Rmd' failed with diagnostics:
    polygon edge not found
    --- failed re-building ‘introduction.Rmd’
    
    --- re-building ‘multivariate.Rmd’ using rmarkdown
    Warning in engine$weave(file, quiet = quiet, encoding = enc) :
     Pandoc (>= 1.12.3) not available. Falling back to R Markdown v1.
    Quitting from lines 57-59 (multivariate.Rmd)
    Error: processing vignette 'multivariate.Rmd' failed with diagnostics:
    polygon edge not found
    --- failed re-building ‘multivariate.Rmd’
    
    SUMMARY: processing the following files failed:
     ‘dominance.Rmd’ ‘heterogeneity.Rmd’ ‘introduction.Rmd’
     ‘multivariate.Rmd’
    
    Error: Vignette re-building failed.
    Execution halted
Flavor: r-release-macos-arm64