CRAN Package Check Results for Package metafor

Last updated on 2024-07-15 06:49:31 CEST.

Flavor Version Tinstall Tcheck Ttotal Status Flags
r-devel-linux-x86_64-debian-clang 4.6-0 72.18 552.29 624.47 OK
r-devel-linux-x86_64-debian-gcc 4.6-0 62.92 389.32 452.24 OK
r-devel-linux-x86_64-fedora-clang 4.6-0 477.96 NOTE
r-devel-linux-x86_64-fedora-gcc 4.6-0 468.07 OK
r-devel-windows-x86_64 4.6-0 67.00 368.00 435.00 NOTE
r-patched-linux-x86_64 4.6-0 102.02 545.47 647.49 OK
r-release-linux-x86_64 4.6-0 61.34 536.31 597.65 OK
r-release-macos-arm64 4.6-0 159.00 NOTE
r-release-macos-x86_64 4.6-0 280.00 NOTE
r-release-windows-x86_64 4.6-0 66.00 374.00 440.00 NOTE
r-oldrel-macos-arm64 4.6-0 166.00 NOTE
r-oldrel-macos-x86_64 4.6-0 498.00 NOTE
r-oldrel-windows-x86_64 4.6-0 89.00 498.00 587.00 NOTE

Check Details

Version: 4.6-0
Check: installed package size
Result: NOTE installed size is 5.2Mb sub-directories of 1Mb or more: R 2.0Mb help 2.3Mb Flavors: r-devel-linux-x86_64-fedora-clang, r-devel-windows-x86_64, r-release-macos-arm64, r-release-macos-x86_64, r-release-windows-x86_64, r-oldrel-macos-arm64, r-oldrel-macos-x86_64, r-oldrel-windows-x86_64

Version: 4.6-0
Check: Rd cross-references
Result: NOTE Found the following Rd file(s) with Rd \link{} targets missing package anchors: misc-options.Rd: dat.moura2021 Please provide package anchors for all Rd \link{} targets not in the package itself and the base packages. Flavor: r-devel-windows-x86_64