CRAN Package Check Results for Package metafor

Last updated on 2021-11-30 23:51:44 CET.

Flavor Version Tinstall Tcheck Ttotal Status Flags
r-devel-linux-x86_64-debian-clang 3.0-2 65.92 500.44 566.36 OK
r-devel-linux-x86_64-debian-gcc 3.0-2 50.81 380.29 431.10 OK
r-devel-linux-x86_64-fedora-clang 3.0-2 679.64 OK
r-devel-linux-x86_64-fedora-gcc 3.0-2 662.42 OK
r-devel-windows-x86_64-new-UL 3.0-2 118.00 560.00 678.00 OK
r-devel-windows-x86_64-new-TK 3.0-2 OK
r-devel-windows-x86_64-old 3.0-2 96.00 393.00 489.00 OK
r-patched-linux-x86_64 3.0-2 67.24 485.54 552.78 OK
r-patched-solaris-x86 3.0-2 761.60 NOTE
r-release-linux-x86_64 3.0-2 61.27 483.17 544.44 OK
r-release-macos-arm64 3.0-2 NOTE
r-release-macos-x86_64 3.0-2 OK
r-release-windows-ix86+x86_64 3.0-2 101.00 382.00 483.00 OK
r-oldrel-macos-x86_64 3.0-2 OK
r-oldrel-windows-ix86+x86_64 3.0-2 65.00 396.00 461.00 OK

Check Details

Version: 3.0-2
Check: installed package size
Result: NOTE
     installed size is 5.1Mb
     sub-directories of 1Mb or more:
     R 1.9Mb
     help 1.8Mb
Flavors: r-patched-solaris-x86, r-release-macos-arm64