CRAN Package Check Results for Package metabolic

Last updated on 2021-07-31 19:51:32 CEST.

Flavor Version Tinstall Tcheck Ttotal Status Flags
r-devel-linux-x86_64-debian-clang 0.1.0 5.08 48.87 53.95 OK
r-devel-linux-x86_64-debian-gcc 0.1.0 3.83 37.39 41.22 OK
r-devel-linux-x86_64-fedora-clang 0.1.0 74.69 NOTE
r-devel-linux-x86_64-fedora-gcc 0.1.0 62.06 NOTE
r-devel-windows-x86_64 0.1.0 7.00 67.00 74.00 OK
r-devel-windows-x86_64-gcc10-UCRT 0.1.0 NOTE
r-patched-linux-x86_64 0.1.0 OK
r-patched-solaris-x86 0.1.0 90.50 NOTE
r-release-linux-x86_64 0.1.0 4.67 46.40 51.07 OK
r-release-macos-arm64 0.1.0 NOTE
r-release-macos-x86_64 0.1.0 NOTE
r-release-windows-ix86+x86_64 0.1.0 12.00 69.00 81.00 OK
r-oldrel-macos-x86_64 0.1.0 NOTE
r-oldrel-windows-ix86+x86_64 0.1.0 8.00 69.00 77.00 OK

Check Details

Version: 0.1.0
Check: data for non-ASCII characters
Result: NOTE
     Note: found 37 marked UTF-8 strings
Flavors: r-devel-linux-x86_64-fedora-clang, r-devel-linux-x86_64-fedora-gcc, r-devel-windows-x86_64-gcc10-UCRT, r-patched-solaris-x86, r-release-macos-arm64, r-release-macos-x86_64, r-oldrel-macos-x86_64