Last updated on 2022-07-07 05:56:06 CEST.
Flavor | Version | Tinstall | Tcheck | Ttotal | Status | Flags |
---|---|---|---|---|---|---|
r-devel-linux-x86_64-debian-clang | 5.2-0 | 44.26 | 272.30 | 316.56 | OK | |
r-devel-linux-x86_64-debian-gcc | 5.2-0 | 40.49 | 202.87 | 243.36 | OK | |
r-devel-linux-x86_64-fedora-clang | 5.2-0 | 395.10 | NOTE | |||
r-devel-linux-x86_64-fedora-gcc | 5.2-0 | 394.84 | OK | |||
r-devel-windows-x86_64 | 5.2-0 | 63.00 | 278.00 | 341.00 | OK | |
r-patched-linux-x86_64 | 5.2-0 | 46.52 | 262.76 | 309.28 | OK | |
r-release-linux-x86_64 | 5.2-0 | 43.09 | 262.25 | 305.34 | OK | |
r-release-macos-arm64 | 5.2-0 | 95.00 | OK | |||
r-release-macos-x86_64 | 5.2-0 | 152.00 | OK | |||
r-release-windows-x86_64 | 5.2-0 | 67.00 | 293.00 | 360.00 | OK | |
r-oldrel-macos-arm64 | 5.2-0 | 93.00 | OK | |||
r-oldrel-macos-x86_64 | 5.2-0 | 119.00 | OK | |||
r-oldrel-windows-ix86+x86_64 | 5.2-0 | 80.00 | 283.00 | 363.00 | OK |
Version: 5.2-0
Check: Rd cross-references
Result: NOTE
Undeclared packages ‘netmeta’, ‘metasens’, ‘robumeta’ in Rd xrefs
Flavor: r-devel-linux-x86_64-fedora-clang