CRAN Package Check Results for Package melt

Last updated on 2022-08-15 09:49:34 CEST.

Flavor Version Tinstall Tcheck Ttotal Status Flags
r-devel-linux-x86_64-debian-clang 1.6.0 284.44 283.84 568.28 OK
r-devel-linux-x86_64-debian-gcc 1.7.0 251.63 227.01 478.64 OK
r-devel-linux-x86_64-fedora-clang 1.7.0 868.72 OK
r-devel-linux-x86_64-fedora-gcc 1.7.0 849.10 OK
r-devel-windows-x86_64 1.7.0 320.00 394.00 714.00 OK
r-patched-linux-x86_64 1.7.0 260.63 300.65 561.28 OK
r-release-linux-x86_64 1.7.0 249.35 306.41 555.76 OK
r-release-macos-arm64 1.7.0 216.00 NOTE
r-release-macos-x86_64 1.7.0 283.00 NOTE
r-release-windows-x86_64 1.7.0 217.00 344.00 561.00 OK
r-oldrel-macos-arm64 1.7.0 179.00 NOTE
r-oldrel-macos-x86_64 1.7.0 294.00 NOTE
r-oldrel-windows-ix86+x86_64 1.7.0 461.00 488.00 949.00 OK

Check Details

Version: 1.7.0
Check: installed package size
Result: NOTE
     installed size is 84.5Mb
     sub-directories of 1Mb or more:
     libs 83.8Mb
Flavors: r-release-macos-arm64, r-release-macos-x86_64, r-oldrel-macos-arm64, r-oldrel-macos-x86_64