CRAN Package Check Results for Package meetupapi

Last updated on 2022-01-23 00:57:17 CET.

Flavor Version Tinstall Tcheck Ttotal Status Flags
r-devel-linux-x86_64-debian-clang 0.1.0 3.62 47.68 51.30 NOTE
r-devel-linux-x86_64-debian-gcc 0.1.0 2.91 36.43 39.34 NOTE
r-devel-linux-x86_64-fedora-clang 0.1.0 65.02 NOTE
r-devel-linux-x86_64-fedora-gcc 0.1.0 50.05 NOTE
r-devel-windows-x86_64-new-UL 0.1.0 23.00 68.00 91.00 NOTE
r-devel-windows-x86_64-new-TK 0.1.0 NOTE
r-patched-linux-x86_64 0.1.0 3.39 44.50 47.89 NOTE
r-release-linux-x86_64 0.1.0 3.56 44.08 47.64 NOTE
r-release-macos-arm64 0.1.0 NOTE
r-release-macos-x86_64 0.1.0 NOTE
r-release-windows-ix86+x86_64 0.1.0 11.00 56.00 67.00 NOTE
r-oldrel-macos-x86_64 0.1.0 OK
r-oldrel-windows-ix86+x86_64 0.1.0 12.00 57.00 69.00 OK

Check Details

Version: 0.1.0
Check: LazyData
Result: NOTE
     'LazyData' is specified without a 'data' directory
Flavors: r-devel-linux-x86_64-debian-clang, r-devel-linux-x86_64-debian-gcc, r-devel-linux-x86_64-fedora-clang, r-devel-linux-x86_64-fedora-gcc, r-devel-windows-x86_64-new-UL, r-devel-windows-x86_64-new-TK, r-patched-linux-x86_64, r-release-linux-x86_64, r-release-macos-arm64, r-release-macos-x86_64, r-release-windows-ix86+x86_64