CRAN Package Check Results for Package meerva

Last updated on 2022-08-15 09:49:34 CEST.

Flavor Version Tinstall Tcheck Ttotal Status Flags
r-devel-linux-x86_64-debian-clang 0.2-2 4.89 51.51 56.40 OK
r-devel-linux-x86_64-debian-gcc 0.2-2 4.11 38.19 42.30 OK
r-devel-linux-x86_64-fedora-clang 0.2-2 78.12 NOTE
r-devel-linux-x86_64-fedora-gcc 0.2-2 75.36 NOTE
r-devel-windows-x86_64 0.2-2 16.00 78.00 94.00 OK
r-patched-linux-x86_64 0.2-2 3.76 48.17 51.93 OK
r-release-linux-x86_64 0.2-2 5.49 47.91 53.40 OK
r-release-macos-arm64 0.2-2 25.00 NOTE
r-release-macos-x86_64 0.2-2 41.00 NOTE
r-release-windows-x86_64 0.2-2 9.00 75.00 84.00 OK
r-oldrel-macos-arm64 0.2-2 23.00 NOTE
r-oldrel-macos-x86_64 0.2-2 35.00 NOTE
r-oldrel-windows-ix86+x86_64 0.2-2 11.00 71.00 82.00 OK

Check Details

Version: 0.2-2
Check: dependencies in R code
Result: NOTE
    Namespace in Imports field not imported from: ‘dplyr’
     All declared Imports should be used.
Flavors: r-devel-linux-x86_64-fedora-clang, r-devel-linux-x86_64-fedora-gcc, r-release-macos-arm64, r-release-macos-x86_64, r-oldrel-macos-arm64, r-oldrel-macos-x86_64