CRAN Package Check Results for Package medExtractR

Last updated on 2021-08-01 19:51:34 CEST.

Flavor Version Tinstall Tcheck Ttotal Status Flags
r-devel-linux-x86_64-debian-clang 0.3 5.66 177.45 183.11 OK
r-devel-linux-x86_64-debian-gcc 0.3 5.00 152.55 157.55 OK
r-devel-linux-x86_64-fedora-clang 0.3 268.11 OK
r-devel-linux-x86_64-fedora-gcc 0.3 253.98 OK
r-devel-windows-x86_64 0.3 7.00 239.00 246.00 OK
r-devel-windows-x86_64-gcc10-UCRT 0.3 OK
r-patched-linux-x86_64 0.3 OK
r-patched-solaris-x86 0.3 372.20 OK
r-release-linux-x86_64 0.3 6.39 187.76 194.15 OK
r-release-macos-arm64 0.3 WARN
r-release-macos-x86_64 0.3 OK
r-release-windows-ix86+x86_64 0.3 13.00 239.00 252.00 OK
r-oldrel-macos-x86_64 0.3 OK
r-oldrel-windows-ix86+x86_64 0.3 10.00 243.00 253.00 OK

Check Details

Version: 0.3
Check: re-building of vignette outputs
Result: WARN
    Error(s) in re-building vignettes:
     ...
    --- re-building ‘mxr_basic_vignette.Rmd’ using rmarkdown
    Warning in engine$weave(file, quiet = quiet, encoding = enc) :
     Pandoc (>= 1.12.3) not available. Falling back to R Markdown v1.
    Quitting from lines 225-262 (mxr_basic_vignette.Rmd)
    Error: processing vignette 'mxr_basic_vignette.Rmd' failed with diagnostics:
    polygon edge not found
    --- failed re-building ‘mxr_basic_vignette.Rmd’
    
    --- re-building ‘mxr_tapering_vignette.Rmd’ using rmarkdown
    Warning in engine$weave(file, quiet = quiet, encoding = enc) :
     Pandoc (>= 1.12.3) not available. Falling back to R Markdown v1.
    --- finished re-building ‘mxr_tapering_vignette.Rmd’
    
    SUMMARY: processing the following file failed:
     ‘mxr_basic_vignette.Rmd’
    
    Error: Vignette re-building failed.
    Execution halted
Flavor: r-release-macos-arm64