CRAN Package Check Results for Package measures

Last updated on 2021-12-03 11:51:54 CET.

Flavor Version Tinstall Tcheck Ttotal Status Flags
r-devel-linux-x86_64-debian-clang 0.3 2.80 26.80 29.60 NOTE
r-devel-linux-x86_64-debian-gcc 0.3 2.19 21.49 23.68 NOTE
r-devel-linux-x86_64-fedora-clang 0.3 46.95 NOTE
r-devel-linux-x86_64-fedora-gcc 0.3 36.26 NOTE
r-devel-windows-x86_64-new-UL 0.3 11.00 66.00 77.00 NOTE
r-devel-windows-x86_64-new-TK 0.3 NOTE
r-devel-windows-x86_64-old 0.3 5.00 38.00 43.00 NOTE
r-patched-linux-x86_64 0.3 3.14 25.92 29.06 NOTE
r-patched-solaris-x86 0.3 55.80 NOTE
r-release-linux-x86_64 0.3 2.39 25.92 28.31 NOTE
r-release-macos-arm64 0.3 NOTE
r-release-macos-x86_64 0.3 NOTE
r-release-windows-ix86+x86_64 0.3 7.00 50.00 57.00 NOTE
r-oldrel-macos-x86_64 0.3 OK
r-oldrel-windows-ix86+x86_64 0.3 6.00 46.00 52.00 OK

Check Details

Version: 0.3
Check: LazyData
Result: NOTE
     'LazyData' is specified without a 'data' directory
Flavors: r-devel-linux-x86_64-debian-clang, r-devel-linux-x86_64-debian-gcc, r-devel-linux-x86_64-fedora-clang, r-devel-linux-x86_64-fedora-gcc, r-devel-windows-x86_64-new-UL, r-devel-windows-x86_64-new-TK, r-devel-windows-x86_64-old, r-patched-linux-x86_64, r-patched-solaris-x86, r-release-linux-x86_64, r-release-macos-arm64, r-release-macos-x86_64, r-release-windows-ix86+x86_64