CRAN Package Check Results for Package mdw

Last updated on 2021-07-26 19:49:26 CEST.

Flavor Version Tinstall Tcheck Ttotal Status Flags
r-devel-linux-x86_64-debian-clang 2020.6-17 7.60 68.84 76.44 NOTE
r-devel-linux-x86_64-debian-gcc 2020.6-17 6.59 53.11 59.70 NOTE
r-devel-linux-x86_64-fedora-clang 2020.6-17 99.48 NOTE
r-devel-linux-x86_64-fedora-gcc 2020.6-17 90.47 NOTE
r-devel-windows-x86_64 2020.6-17 12.00 73.00 85.00 NOTE
r-devel-windows-x86_64-gcc10-UCRT 2020.6-17 NOTE
r-patched-linux-x86_64 2020.6-17 6.24 65.72 71.96 NOTE
r-patched-solaris-x86 2020.6-17 139.80 NOTE
r-release-linux-x86_64 2020.6-17 7.16 65.89 73.05 NOTE
r-release-macos-arm64 2020.6-17 NOTE
r-release-macos-x86_64 2020.6-17 NOTE
r-release-windows-ix86+x86_64 2020.6-17 16.00 69.00 85.00 NOTE
r-oldrel-macos-x86_64 2020.6-17 OK
r-oldrel-windows-ix86+x86_64 2020.6-17 12.00 94.00 106.00 OK

Check Details

Version: 2020.6-17
Check: LazyData
Result: NOTE
     'LazyData' is specified without a 'data' directory
Flavors: r-devel-linux-x86_64-debian-clang, r-devel-linux-x86_64-debian-gcc, r-devel-linux-x86_64-fedora-clang, r-devel-linux-x86_64-fedora-gcc, r-devel-windows-x86_64, r-devel-windows-x86_64-gcc10-UCRT, r-patched-linux-x86_64, r-patched-solaris-x86, r-release-linux-x86_64, r-release-macos-arm64, r-release-macos-x86_64, r-release-windows-ix86+x86_64

Version: 2020.6-17
Check: package dependencies
Result: NOTE
    Package suggested but not available for checking: ‘Rmosek’
Flavor: r-patched-solaris-x86