CRAN Package Check Results for Package mco

Last updated on 2022-07-04 05:50:10 CEST.

Flavor Version Tinstall Tcheck Ttotal Status Flags
r-devel-linux-x86_64-debian-clang 1.15.6 5.55 42.73 48.28 NOTE
r-devel-linux-x86_64-debian-gcc 1.15.6 4.24 31.58 35.82 NOTE
r-devel-linux-x86_64-fedora-clang 1.15.6 68.12 NOTE
r-devel-linux-x86_64-fedora-gcc 1.15.6 67.72 NOTE
r-devel-windows-x86_64 1.15.6 22.00 72.00 94.00 NOTE
r-patched-linux-x86_64 1.15.6 4.97 41.44 46.41 NOTE
r-release-linux-x86_64 1.15.6 4.93 42.29 47.22 NOTE
r-release-macos-arm64 1.15.6 21.00 NOTE
r-release-macos-x86_64 1.15.6 33.00 NOTE
r-release-windows-x86_64 1.15.6 25.00 69.00 94.00 NOTE
r-oldrel-macos-arm64 1.15.6 31.00 NOTE
r-oldrel-macos-x86_64 1.15.6 40.00 NOTE
r-oldrel-windows-ix86+x86_64 1.15.6 16.00 88.00 104.00 NOTE

Check Details

Version: 1.15.6
Check: LazyData
Result: NOTE
     'LazyData' is specified without a 'data' directory
Flavors: r-devel-linux-x86_64-debian-clang, r-devel-linux-x86_64-debian-gcc, r-devel-linux-x86_64-fedora-clang, r-devel-linux-x86_64-fedora-gcc, r-devel-windows-x86_64, r-patched-linux-x86_64, r-release-linux-x86_64, r-release-macos-arm64, r-release-macos-x86_64, r-release-windows-x86_64, r-oldrel-macos-arm64, r-oldrel-macos-x86_64, r-oldrel-windows-ix86+x86_64