CRAN Package Check Results for Package mcmcse

Last updated on 2024-06-19 06:58:06 CEST.

Flavor Version Tinstall Tcheck Ttotal Status Flags
r-devel-linux-x86_64-debian-clang 1.5-0 165.47 60.52 225.99 NOTE
r-devel-linux-x86_64-debian-gcc 1.5-0 103.39 45.85 149.24 NOTE
r-devel-linux-x86_64-fedora-clang 1.5-0 320.27 NOTE
r-devel-linux-x86_64-fedora-gcc 1.5-0 324.32 NOTE
r-devel-windows-x86_64 1.5-0 115.00 97.00 212.00 NOTE
r-patched-linux-x86_64 1.5-0 130.69 59.40 190.09 NOTE
r-release-linux-x86_64 1.5-0 94.18 59.95 154.13 NOTE
r-release-macos-arm64 1.5-0 62.00 NOTE
r-release-macos-x86_64 1.5-0 83.00 WARN
r-release-windows-x86_64 1.5-0 114.00 101.00 215.00 NOTE
r-oldrel-macos-arm64 1.5-0 76.00 NOTE
r-oldrel-macos-x86_64 1.5-0 122.00 NOTE
r-oldrel-windows-x86_64 1.5-0 148.00 108.00 256.00 NOTE

Check Details

Version: 1.5-0
Check: C++ specification
Result: NOTE Specified C++11: please drop specification unless essential Flavors: r-devel-linux-x86_64-debian-clang, r-devel-linux-x86_64-debian-gcc, r-devel-linux-x86_64-fedora-clang, r-devel-linux-x86_64-fedora-gcc, r-devel-windows-x86_64, r-patched-linux-x86_64, r-release-linux-x86_64, r-release-macos-arm64, r-release-macos-x86_64, r-release-windows-x86_64, r-oldrel-macos-arm64, r-oldrel-macos-x86_64, r-oldrel-windows-x86_64

Version: 1.5-0
Check: Rd files
Result: NOTE checkRd: (-1) ess.Rd:14: Lost braces 14 | \code{g} should take a vector input only. Ifcode{g} is \code{NULL}, \code{g} is set to be identity, which is estimation | ^ Flavors: r-devel-linux-x86_64-debian-clang, r-devel-linux-x86_64-debian-gcc, r-devel-linux-x86_64-fedora-clang, r-devel-linux-x86_64-fedora-gcc, r-devel-windows-x86_64, r-patched-linux-x86_64, r-release-linux-x86_64, r-release-macos-arm64, r-release-macos-x86_64, r-release-windows-x86_64

Version: 1.5-0
Check: re-building of vignette outputs
Result: WARN Error(s) in re-building vignettes: ... --- re-building ‘mcmcse_vignette.Rnw’ using knitr Error: processing vignette 'mcmcse_vignette.Rnw' failed with diagnostics: Running 'texi2dvi' on 'mcmcse_vignette.tex' failed. LaTeX errors: ! Undefined control sequence. l.136 \hlkwd{library}\hldef {(mcmcse)} ? ! Emergency stop. ! Emergency stop. l.136 End of file on the terminal! ! ==> Fatal error occurred, no output PDF file produced! --- failed re-building ‘mcmcse_vignette.Rnw’ SUMMARY: processing the following file failed: ‘mcmcse_vignette.Rnw’ Error: Vignette re-building failed. Execution halted Flavor: r-release-macos-x86_64