CRAN Package Check Results for Package matchingMarkets

Last updated on 2021-09-26 16:49:19 CEST.

Flavor Version Tinstall Tcheck Ttotal Status Flags
r-devel-linux-x86_64-debian-clang 1.0-2 233.64 157.64 391.28 OK
r-devel-linux-x86_64-debian-gcc 1.0-2 151.24 115.21 266.45 OK
r-devel-linux-x86_64-fedora-clang 1.0-2 526.73 NOTE
r-devel-linux-x86_64-fedora-gcc 1.0-2 448.64 OK
r-devel-windows-x86_64 1.0-2 200.00 152.00 352.00 NOTE
r-devel-windows-x86_64-gcc10-UCRT 1.0-2 OK
r-patched-linux-x86_64 1.0-2 183.67 146.95 330.62 OK
r-patched-solaris-x86 1.0-2 453.70 NOTE
r-release-linux-x86_64 1.0-2 180.93 150.66 331.59 OK
r-release-macos-arm64 1.0-2 NOTE
r-release-macos-x86_64 1.0-2 NOTE
r-release-windows-ix86+x86_64 1.0-2 507.00 170.00 677.00 NOTE
r-oldrel-macos-x86_64 1.0-2 NOTE
r-oldrel-windows-ix86+x86_64 1.0-2 364.00 170.00 534.00 NOTE

Check Details

Version: 1.0-2
Check: installed package size
Result: NOTE
     installed size is 13.9Mb
     sub-directories of 1Mb or more:
     java 3.3Mb
     libs 9.3Mb
Flavors: r-devel-linux-x86_64-fedora-clang, r-devel-windows-x86_64, r-patched-solaris-x86, r-release-macos-arm64, r-release-macos-x86_64, r-release-windows-ix86+x86_64, r-oldrel-macos-x86_64, r-oldrel-windows-ix86+x86_64