CRAN Package Check Results for Package mastif

Last updated on 2022-01-22 00:48:29 CET.

Flavor Version Tinstall Tcheck Ttotal Status Flags
r-devel-linux-x86_64-debian-clang 1.0.1 63.36 132.74 196.10 NOTE
r-devel-linux-x86_64-debian-gcc 1.0.1 51.76 95.89 147.65 NOTE
r-devel-linux-x86_64-fedora-clang 1.0.1 248.29 NOTE
r-devel-linux-x86_64-fedora-gcc 1.0.1 225.32 NOTE
r-devel-windows-x86_64-new-UL 1.0.1 85.00 157.00 242.00 NOTE
r-devel-windows-x86_64-new-TK 1.0.1 NOTE
r-patched-linux-x86_64 1.0.1 53.39 124.33 177.72 NOTE
r-release-linux-x86_64 1.0.1 48.69 125.44 174.13 NOTE
r-release-macos-arm64 1.0.1 NOTE
r-release-macos-x86_64 1.0.1 NOTE
r-release-windows-ix86+x86_64 1.0.1 129.00 163.00 292.00 NOTE
r-oldrel-macos-x86_64 1.0.1 OK
r-oldrel-windows-ix86+x86_64 1.0.1 131.00 164.00 295.00 OK

Check Details

Version: 1.0.1
Check: LazyData
Result: NOTE
     'LazyData' is specified without a 'data' directory
Flavors: r-devel-linux-x86_64-debian-clang, r-devel-linux-x86_64-debian-gcc, r-devel-linux-x86_64-fedora-clang, r-devel-linux-x86_64-fedora-gcc, r-devel-windows-x86_64-new-UL, r-devel-windows-x86_64-new-TK, r-patched-linux-x86_64, r-release-linux-x86_64, r-release-macos-arm64, r-release-macos-x86_64, r-release-windows-ix86+x86_64