CRAN Package Check Results for Package mase

Last updated on 2025-04-24 12:49:43 CEST.

Flavor Version Tinstall Tcheck Ttotal Status Flags
r-devel-linux-x86_64-debian-clang 0.1.5.2 54.08 87.43 141.51 OK
r-devel-linux-x86_64-debian-gcc 0.1.5.2 43.70 68.21 111.91 OK
r-devel-linux-x86_64-fedora-clang 0.1.5.2 229.92 OK
r-devel-linux-x86_64-fedora-gcc 0.1.5.2 236.54 OK
r-devel-windows-x86_64 0.1.5.2 59.00 118.00 177.00 OK
r-patched-linux-x86_64 0.1.5.2 58.98 91.38 150.36 OK
r-release-linux-x86_64 0.1.5.2 57.92 91.07 148.99 OK
r-release-macos-arm64 0.1.5.2 61.00 OK
r-release-macos-x86_64 0.1.5.2 109.00 OK
r-release-windows-x86_64 0.1.5.2 61.00 117.00 178.00 OK
r-oldrel-macos-arm64 0.1.5.2 56.00 NOTE
r-oldrel-macos-x86_64 0.1.5.2 111.00 NOTE
r-oldrel-windows-x86_64 0.1.5.2 67.00 143.00 210.00 OK

Check Details

Version: 0.1.5.2
Check: installed package size
Result: NOTE installed size is 18.9Mb sub-directories of 1Mb or more: libs 18.6Mb Flavors: r-oldrel-macos-arm64, r-oldrel-macos-x86_64