Last updated on 2023-03-30 05:49:14 CEST.
Flavor | Version | Tinstall | Tcheck | Ttotal | Status | Flags |
---|---|---|---|---|---|---|
r-devel-linux-x86_64-debian-clang | 0.1.0 | 3.04 | 32.21 | 35.25 | OK | |
r-devel-linux-x86_64-debian-gcc | 0.1.0 | 2.46 | 25.41 | 27.87 | OK | |
r-devel-linux-x86_64-fedora-clang | 0.1.0 | 45.42 | OK | |||
r-devel-linux-x86_64-fedora-gcc | 0.1.0 | 45.06 | OK | |||
r-devel-windows-x86_64 | 0.1.0 | 30.00 | 0.00 | 30.00 | FAIL | |
r-patched-linux-x86_64 | 0.1.0 | 4.57 | 31.87 | 36.44 | OK | |
r-release-linux-x86_64 | 0.1.0 | 3.61 | 31.57 | 35.18 | OK | |
r-release-macos-arm64 | 0.1.0 | 17.00 | OK | |||
r-release-macos-x86_64 | 0.1.0 | 25.00 | OK | |||
r-release-windows-x86_64 | 0.1.0 | 24.00 | 60.00 | 84.00 | OK | |
r-oldrel-macos-arm64 | 0.1.0 | 19.00 | OK | |||
r-oldrel-macos-x86_64 | 0.1.0 | 29.00 | OK | |||
r-oldrel-windows-ix86+x86_64 | 0.1.0 | 7.00 | 60.00 | 67.00 | OK |
Version: 0.1.0
Check: for code/documentation mismatches
Result: FAIL
Flavor: r-devel-windows-x86_64