CRAN Package Check Results for Package markdownInput

Last updated on 2021-10-25 04:54:14 CEST.

Flavor Version Tinstall Tcheck Ttotal Status Flags
r-devel-linux-x86_64-debian-clang 0.1.2 3.13 31.81 34.94 NOTE
r-devel-linux-x86_64-debian-gcc 0.1.2 2.72 24.58 27.30 NOTE
r-devel-linux-x86_64-fedora-clang 0.1.2 52.78 NOTE
r-devel-linux-x86_64-fedora-gcc 0.1.2 42.14 NOTE
r-devel-windows-x86_64 0.1.2 6.00 55.00 61.00 NOTE
r-devel-windows-x86_64-gcc10-UCRT 0.1.2 NOTE
r-patched-linux-x86_64 0.1.2 2.82 30.32 33.14 NOTE
r-patched-solaris-x86 0.1.2 64.90 NOTE
r-release-linux-x86_64 0.1.2 3.27 30.00 33.27 NOTE
r-release-macos-arm64 0.1.2 NOTE
r-release-macos-x86_64 0.1.2 NOTE
r-release-windows-ix86+x86_64 0.1.2 7.00 55.00 62.00 NOTE
r-oldrel-macos-x86_64 0.1.2 OK
r-oldrel-windows-ix86+x86_64 0.1.2 10.00 52.00 62.00 OK

Check Details

Version: 0.1.2
Check: LazyData
Result: NOTE
     'LazyData' is specified without a 'data' directory
Flavors: r-devel-linux-x86_64-debian-clang, r-devel-linux-x86_64-debian-gcc, r-devel-linux-x86_64-fedora-clang, r-devel-linux-x86_64-fedora-gcc, r-devel-windows-x86_64, r-devel-windows-x86_64-gcc10-UCRT, r-patched-linux-x86_64, r-patched-solaris-x86, r-release-linux-x86_64, r-release-macos-arm64, r-release-macos-x86_64, r-release-windows-ix86+x86_64