CRAN Package Check Results for Package mark

Last updated on 2021-09-25 04:57:41 CEST.

Flavor Version Tinstall Tcheck Ttotal Status Flags
r-devel-linux-x86_64-debian-clang 0.3.0 8.82 84.39 93.21 OK
r-devel-linux-x86_64-debian-gcc 0.3.0 8.57 66.08 74.65 OK
r-devel-linux-x86_64-fedora-clang 0.3.0 126.61 OK
r-devel-linux-x86_64-fedora-gcc 0.3.0 109.66 OK
r-devel-windows-x86_64 0.3.0 15.00 101.00 116.00 OK
r-devel-windows-x86_64-gcc10-UCRT 0.3.0 OK
r-patched-linux-x86_64 0.3.0 10.16 79.84 90.00 OK
r-patched-solaris-x86 0.3.0 126.50 OK
r-release-linux-x86_64 0.3.0 9.02 83.94 92.96 OK
r-release-macos-arm64 0.2.0 ERROR
r-release-macos-x86_64 0.3.0 OK
r-release-windows-ix86+x86_64 0.3.0 27.00 113.00 140.00 OK
r-oldrel-macos-x86_64 0.3.0 OK
r-oldrel-windows-ix86+x86_64 0.3.0 20.00 86.00 106.00 OK

Check Details

Version: 0.2.0
Check: tests
Result: ERROR
     Running ‘spelling.R’ [0s/0s]
     Running ‘testthat.R’ [5s/4s]
    Running the tests in ‘tests/testthat.R’ failed.
    Last 13 lines of output:
     ══ Skipped tests ═══════════════════════════════════════════════════════════════
     • Is Windows? (1)
     • not currently testing snaps (3)
     • not interactive: check DESCRIPTION date (1)
    
     ══ Failed tests ════════════════════════════════════════════════════════════════
     ── Failure (test-diff-time.R:191:3): class coehersion ──────────────────────────
     diff_time(as.Date("2021-07-26"), "2021-07-26") (`actual`) not identical to diff_time(as.Date("2021-07-26"), as.POSIXct("2021-07-26 02:02:02")) (`expected`).
    
     `actual`: 0
     `expected`: -86400
    
     [ FAIL 1 | WARN 0 | SKIP 5 | PASS 459 ]
     Error: Test failures
     Execution halted
Flavor: r-release-macos-arm64