CRAN Package Check Results for Package marg

Last updated on 2022-10-05 00:04:34 CEST.

Flavor Version Tinstall Tcheck Ttotal Status Flags
r-devel-linux-x86_64-debian-clang 1.2-2.1 12.17 88.63 100.80 NOTE
r-devel-linux-x86_64-debian-gcc 1.2-2.1 10.17 67.77 77.94 NOTE
r-devel-linux-x86_64-fedora-clang 1.2-2.1 134.55 NOTE
r-devel-linux-x86_64-fedora-gcc 1.2-2.1 129.25 NOTE
r-devel-windows-x86_64 1.2-2.1 22.00 129.00 151.00 NOTE
r-patched-linux-x86_64 1.2-2.1 13.23 83.71 96.94 OK
r-release-linux-x86_64 1.2-2.1 11.78 82.28 94.06 OK
r-release-macos-arm64 1.2-2.1 34.00 OK
r-release-macos-x86_64 1.2-2.1 47.00 OK
r-release-windows-x86_64 1.2-2.1 26.00 120.00 146.00 OK
r-oldrel-macos-arm64 1.2-2.1 42.00 OK
r-oldrel-macos-x86_64 1.2-2.1 67.00 OK
r-oldrel-windows-ix86+x86_64 1.2-2.1 22.00 104.00 126.00 OK

Check Details

Version: 1.2-2.1
Check: Rd files
Result: NOTE
    checkRd: (-1) residuals.rsm.Rd:74: Escaped LaTeX specials: \&
Flavors: r-devel-linux-x86_64-debian-clang, r-devel-linux-x86_64-debian-gcc, r-devel-linux-x86_64-fedora-clang, r-devel-linux-x86_64-fedora-gcc, r-devel-windows-x86_64