CRAN Package Check Results for Package mappp

Last updated on 2022-07-04 05:50:10 CEST.

Flavor Version Tinstall Tcheck Ttotal Status Flags
r-devel-linux-x86_64-debian-clang 1.0.0 1.85 23.33 25.18 OK
r-devel-linux-x86_64-debian-gcc 1.0.0 1.52 18.28 19.80 OK
r-devel-linux-x86_64-fedora-clang 1.0.0 41.35 NOTE
r-devel-linux-x86_64-fedora-gcc 1.0.0 41.46 NOTE
r-devel-windows-x86_64 1.0.0 10.00 53.00 63.00 OK
r-patched-linux-x86_64 1.0.0 1.82 22.86 24.68 OK
r-release-linux-x86_64 1.0.0 1.69 23.04 24.73 OK
r-release-macos-arm64 1.0.0 20.00 NOTE
r-release-macos-x86_64 1.0.0 25.00 NOTE
r-release-windows-x86_64 1.0.0 8.00 53.00 61.00 OK
r-oldrel-macos-arm64 1.0.0 19.00 NOTE
r-oldrel-macos-x86_64 1.0.0 25.00 NOTE
r-oldrel-windows-ix86+x86_64 1.0.0 5.00 47.00 52.00 OK

Check Details

Version: 1.0.0
Check: dependencies in R code
Result: NOTE
    Namespace in Imports field not imported from: ‘pbmcapply’
     All declared Imports should be used.
Flavors: r-devel-linux-x86_64-fedora-clang, r-devel-linux-x86_64-fedora-gcc, r-release-macos-arm64, r-release-macos-x86_64, r-oldrel-macos-arm64, r-oldrel-macos-x86_64