CRAN Package Check Results for Package mappoly

Last updated on 2021-09-17 04:49:24 CEST.

Flavor Version Tinstall Tcheck Ttotal Status Flags
r-devel-linux-x86_64-debian-clang 0.2.3 170.09 366.95 537.04 OK
r-devel-linux-x86_64-debian-gcc 0.2.3 129.41 262.41 391.82 OK
r-devel-linux-x86_64-fedora-clang 0.2.3 701.31 NOTE
r-devel-linux-x86_64-fedora-gcc 0.2.3 644.64 OK
r-devel-windows-x86_64 0.2.3 172.00 444.00 616.00 NOTE
r-devel-windows-x86_64-gcc10-UCRT 0.2.3 OK
r-patched-linux-x86_64 0.2.3 108.22 341.43 449.65 OK
r-patched-solaris-x86 0.2.3 921.70 NOTE
r-release-linux-x86_64 0.2.3 150.09 338.18 488.27 OK
r-release-macos-arm64 0.2.3 NOTE
r-release-macos-x86_64 0.2.3 NOTE
r-release-windows-ix86+x86_64 0.2.3 328.00 525.00 853.00 NOTE
r-oldrel-macos-x86_64 0.2.3 NOTE
r-oldrel-windows-ix86+x86_64 0.2.3 305.00 719.00 1024.00 NOTE

Check Details

Version: 0.2.3
Check: installed package size
Result: NOTE
     installed size is 9.9Mb
     sub-directories of 1Mb or more:
     R 2.6Mb
     data 2.4Mb
     libs 4.5Mb
Flavors: r-devel-linux-x86_64-fedora-clang, r-devel-windows-x86_64, r-patched-solaris-x86, r-release-macos-arm64, r-release-macos-x86_64, r-release-windows-ix86+x86_64, r-oldrel-macos-x86_64, r-oldrel-windows-ix86+x86_64