CRAN Package Check Results for Package mapbayr

Last updated on 2021-08-01 19:51:33 CEST.

Flavor Version Tinstall Tcheck Ttotal Status Flags
r-devel-linux-x86_64-debian-clang 0.5.0 8.34 64.89 73.23 OK
r-devel-linux-x86_64-debian-gcc 0.5.0 6.24 48.90 55.14 OK
r-devel-linux-x86_64-fedora-clang 0.5.0 95.35 OK
r-devel-linux-x86_64-fedora-gcc 0.5.0 84.63 OK
r-devel-windows-x86_64 0.5.0 14.00 85.00 99.00 OK
r-devel-windows-x86_64-gcc10-UCRT 0.5.0 OK
r-patched-linux-x86_64 0.5.0 OK
r-patched-solaris-x86 0.5.0 106.10 OK
r-release-linux-x86_64 0.5.0 6.82 60.08 66.90 OK
r-release-macos-arm64 0.5.0 OK
r-release-macos-x86_64 0.5.0 OK
r-release-windows-ix86+x86_64 0.4.1 18.00 86.00 104.00 OK
r-oldrel-macos-x86_64 0.5.0 OK
r-oldrel-windows-ix86+x86_64 0.5.0 4.00 5.00 9.00 ERROR

Check Details

Version: 0.5.0
Check: whether package can be installed
Result: ERROR
    Installation failed.
Flavor: r-oldrel-windows-ix86+x86_64