CRAN Package Check Results for Package maotai

Last updated on 2022-07-06 17:49:08 CEST.

Flavor Version Tinstall Tcheck Ttotal Status Flags
r-devel-linux-x86_64-debian-clang 0.2.4 136.20 98.89 235.09 OK
r-devel-linux-x86_64-debian-gcc 0.2.4 100.61 76.01 176.62 OK
r-devel-linux-x86_64-fedora-clang 0.2.4 330.99 OK
r-devel-linux-x86_64-fedora-gcc 0.2.4 300.74 OK
r-devel-windows-x86_64 0.2.4 105.00 155.00 260.00 OK
r-patched-linux-x86_64 0.2.4 110.15 95.56 205.71 OK
r-release-linux-x86_64 0.2.4 111.15 95.50 206.65 OK
r-release-macos-arm64 0.2.4 74.00 NOTE
r-release-macos-x86_64 0.2.4 97.00 NOTE
r-release-windows-x86_64 0.2.4 114.00 154.00 268.00 OK
r-oldrel-macos-arm64 0.2.4 73.00 NOTE
r-oldrel-macos-x86_64 0.2.4 92.00 NOTE
r-oldrel-windows-ix86+x86_64 0.2.4 309.00 164.00 473.00 OK

Check Details

Version: 0.2.4
Check: installed package size
Result: NOTE
     installed size is 6.2Mb
     sub-directories of 1Mb or more:
     libs 5.9Mb
Flavors: r-release-macos-arm64, r-release-macos-x86_64, r-oldrel-macos-arm64, r-oldrel-macos-x86_64