CRAN Package Check Results for Package manipulateWidget

Last updated on 2021-09-26 16:49:18 CEST.

Flavor Version Tinstall Tcheck Ttotal Status Flags
r-devel-linux-x86_64-debian-clang 0.11.0 7.50 64.91 72.41 OK
r-devel-linux-x86_64-debian-gcc 0.11.0 5.63 48.98 54.61 OK
r-devel-linux-x86_64-fedora-clang 0.11.0 92.53 NOTE
r-devel-linux-x86_64-fedora-gcc 0.11.0 92.35 NOTE
r-devel-windows-x86_64 0.11.0 9.00 69.00 78.00 OK
r-devel-windows-x86_64-gcc10-UCRT 0.11.0 NOTE
r-patched-linux-x86_64 0.11.0 7.36 61.30 68.66 OK
r-patched-solaris-x86 0.11.0 118.30 WARN
r-release-linux-x86_64 0.11.0 5.93 61.77 67.70 OK
r-release-macos-arm64 0.11.0 NOTE
r-release-macos-x86_64 0.11.0 WARN
r-release-windows-ix86+x86_64 0.11.0 16.00 64.00 80.00 OK
r-oldrel-macos-x86_64 0.11.0 WARN
r-oldrel-windows-ix86+x86_64 0.11.0 12.00 69.00 81.00 OK

Check Details

Version: 0.11.0
Check: data for non-ASCII characters
Result: NOTE
     Note: found 55 marked UTF-8 strings
Flavors: r-devel-linux-x86_64-fedora-clang, r-devel-linux-x86_64-fedora-gcc, r-devel-windows-x86_64-gcc10-UCRT, r-patched-solaris-x86, r-release-macos-arm64, r-release-macos-x86_64, r-oldrel-macos-x86_64

Version: 0.11.0
Check: re-building of vignette outputs
Result: WARN
    Error(s) in re-building vignettes:
     ...
    --- re-building ‘manipulateWidgets.Rmd’ using rmarkdown
    Warning in engine$weave(file, quiet = quiet, encoding = enc) :
     Pandoc (>= 1.12.3) not available. Falling back to R Markdown v1.
    Quitting from lines 61-68 (manipulateWidgets.Rmd)
    Error: processing vignette 'manipulateWidgets.Rmd' failed with diagnostics:
    invalid 'path' argument
    --- failed re-building ‘manipulateWidgets.Rmd’
    
    SUMMARY: processing the following file failed:
     ‘manipulateWidgets.Rmd’
    
    Error: Vignette re-building failed.
    Execution halted
Flavors: r-patched-solaris-x86, r-release-macos-x86_64, r-oldrel-macos-x86_64