Last updated on 2023-01-28 04:57:00 CET.
Flavor | Version | Tinstall | Tcheck | Ttotal | Status | Flags |
---|---|---|---|---|---|---|
r-devel-linux-x86_64-debian-clang | 0.3.0 | 2.72 | 37.12 | 39.84 | OK | |
r-devel-linux-x86_64-debian-gcc | 0.3.0 | 2.84 | 28.49 | 31.33 | OK | |
r-devel-linux-x86_64-fedora-clang | 0.3.0 | 53.79 | NOTE | |||
r-devel-linux-x86_64-fedora-gcc | 0.3.0 | 61.75 | NOTE | |||
r-devel-windows-x86_64 | 0.3.0 | 21.00 | 66.00 | 87.00 | OK | |
r-patched-linux-x86_64 | 0.3.0 | 8.17 | 36.11 | 44.28 | OK | |
r-release-linux-x86_64 | 0.3.0 | 3.60 | 35.78 | 39.38 | OK | |
r-release-macos-arm64 | 0.3.0 | 24.00 | NOTE | |||
r-release-macos-x86_64 | 0.3.0 | 34.00 | NOTE | |||
r-release-windows-x86_64 | 0.3.0 | 25.00 | 73.00 | 98.00 | OK | |
r-oldrel-macos-arm64 | 0.3.0 | 21.00 | NOTE | |||
r-oldrel-macos-x86_64 | 0.3.0 | 38.00 | NOTE | |||
r-oldrel-windows-ix86+x86_64 | 0.3.0 | 10.00 | 62.00 | 72.00 | OK |
Version: 0.3.0
Check: dependencies in R code
Result: NOTE
Namespace in Imports field not imported from: ‘ggplot2’
All declared Imports should be used.
Flavors: r-devel-linux-x86_64-fedora-clang, r-devel-linux-x86_64-fedora-gcc, r-release-macos-arm64, r-release-macos-x86_64, r-oldrel-macos-arm64, r-oldrel-macos-x86_64