CRAN Package Check Results for Package mand

Last updated on 2022-07-05 05:52:55 CEST.

Flavor Version Tinstall Tcheck Ttotal Status Flags
r-devel-linux-x86_64-debian-clang 1.1 22.43 247.95 270.38 OK
r-devel-linux-x86_64-debian-gcc 1.1 16.01 176.61 192.62 OK
r-devel-linux-x86_64-fedora-clang 1.1 320.16 NOTE
r-devel-linux-x86_64-fedora-gcc 1.1 321.60 OK
r-devel-windows-x86_64 1.1 51.00 295.00 346.00 NOTE
r-patched-linux-x86_64 1.1 17.01 233.98 250.99 OK
r-release-linux-x86_64 1.1 13.69 233.35 247.04 OK
r-release-macos-arm64 1.1 113.00 NOTE
r-release-macos-x86_64 1.1 131.00 NOTE
r-release-windows-x86_64 1.1 51.00 300.00 351.00 NOTE
r-oldrel-macos-arm64 1.1 111.00 NOTE
r-oldrel-macos-x86_64 1.1 129.00 NOTE
r-oldrel-windows-ix86+x86_64 1.1 43.00 292.00 335.00 NOTE

Check Details

Version: 1.1
Check: installed package size
Result: NOTE
     installed size is 7.2Mb
     sub-directories of 1Mb or more:
     doc 6.7Mb
Flavors: r-devel-linux-x86_64-fedora-clang, r-devel-windows-x86_64, r-release-macos-arm64, r-release-macos-x86_64, r-release-windows-x86_64, r-oldrel-macos-arm64, r-oldrel-macos-x86_64, r-oldrel-windows-ix86+x86_64